/*
 Navicat Premium Data Transfer

 Source Server         : 本机-root
 Source Server Type    : MySQL
 Source Server Version : 50731
 Source Host           : localhost:3306
 Source Schema         : taishan_kms_prod

 Target Server Type    : MySQL
 Target Server Version : 50731
 File Encoding         : 65001

 Date: 27/05/2023 00:56:10
*/

-- ----------------------------
-- Records of km_sys_category
-- ----------------------------
INSERT INTO `km_sys_category` VALUES ('1450287793728155650', '1415239215563579394', '信息化项目', 'B04A02', 'admin', '2023-05-25 10:28:49', 'admin', '2023-05-25 10:28:49', 'A01', '1', 1, NULL);
INSERT INTO `km_sys_category` VALUES ('1450287947566837762', '1450287793728155650', '前置性审核', 'B04A02A05', 'admin', '2023-05-25 10:28:49', 'admin', '2023-05-25 10:28:49', 'A01', NULL, 1, NULL);
INSERT INTO `km_sys_category` VALUES ('1450287992101957633', '1450287793728155650', '验收备案', 'B04A02A06', 'admin', '2023-05-25 10:28:49', 'admin', '2023-05-25 10:28:49', 'A01', NULL, 1, NULL);
INSERT INTO `km_sys_category` VALUES ('1450288184205275137', '1450288104739991553', '数据', 'B04A03A02', 'admin', '2023-05-25 10:28:49', 'admin', '2023-05-25 10:28:49', 'A01', NULL, 1, NULL);
INSERT INTO `km_sys_category` VALUES ('1450288234289459202', '1450288104739991553', '服务', 'B04A03A04', 'admin', '2023-05-25 10:28:49', 'admin', '2023-05-25 10:28:49', 'A01', NULL, 1, NULL);
INSERT INTO `km_sys_category` VALUES ('1450288263007858689', '1450288104739991553', '系统', 'B04A03A05', 'admin', '2023-05-25 10:28:49', 'admin', '2023-05-25 10:28:49', 'A01', NULL, 1, NULL);
INSERT INTO `km_sys_category` VALUES ('1450287865912127490', '1450287793728155650', '立项审批', 'B04A02A02', 'admin', '2023-05-25 10:28:49', 'admin', '2023-05-25 10:28:49', 'A01', NULL, 1, NULL);
INSERT INTO `km_sys_category` VALUES ('1415239215563579394', '0', '教育信息化', 'B04', 'admin', '2023-05-25 10:28:49', 'admin', '2023-05-25 10:28:49', 'A01', '1', 1, 1);
INSERT INTO `km_sys_category` VALUES ('1450287893921689602', '1450287793728155650', '项目采购', 'B04A02A03', 'admin', '2023-05-25 10:28:49', 'admin', '2023-05-25 10:28:49', 'A01', NULL, 1, NULL);
INSERT INTO `km_sys_category` VALUES ('1448923409156202498', '1448923264612098049', '年度计划', 'B06A04', 'admin', '2023-05-25 10:28:49', 'admin', '2023-05-25 10:28:49', 'A01', NULL, 1, 0);
INSERT INTO `km_sys_category` VALUES ('1448923583488253953', '0', '教育管理', 'B07', 'admin', '2023-05-25 10:28:49', 'admin', '2023-05-25 10:28:49', 'A01', '0', 4, 0);
INSERT INTO `km_sys_category` VALUES ('1448923935583297538', '0', '教育理论', 'B10', 'admin', '2023-05-25 10:28:49', 'admin', '2023-05-25 10:28:49', 'A01', '0', 5, 1);
INSERT INTO `km_sys_category` VALUES ('1448923843216334849', '0', '素质教育', 'B08', 'admin', '2023-05-25 10:28:49', 'admin', '2023-05-25 10:28:49', 'A01', NULL, 7, 0);
INSERT INTO `km_sys_category` VALUES ('1448923896492384258', '0', '家校互动', 'B09', 'admin', '2023-05-25 10:28:49', 'admin', '2023-05-25 10:28:49', 'A01', NULL, 8, 0);
INSERT INTO `km_sys_category` VALUES ('1448924019523903490', '0', '教育实践', 'B11', 'admin', '2023-05-25 10:28:49', 'admin', '2023-05-25 10:28:49', 'A01', NULL, 6, NULL);
INSERT INTO `km_sys_category` VALUES ('1448924056215674881', '0', '学术研讨', 'B12', 'admin', '2023-05-25 10:28:49', 'admin', '2023-05-25 10:28:49', 'A01', NULL, 9, 0);
INSERT INTO `km_sys_category` VALUES ('1448924103653253122', '0', '样板课程', 'B13', 'admin', '2023-05-25 10:28:49', 'admin', '2023-05-25 10:28:49', 'A01', NULL, 15, NULL);
INSERT INTO `km_sys_category` VALUES ('1448924139699101697', '0', '体育教育', 'B14', 'admin', '2023-05-25 10:28:49', 'admin', '2023-05-25 10:28:49', 'A01', NULL, 11, 0);
INSERT INTO `km_sys_category` VALUES ('1448924177934376962', '0', '工作总结', 'B15', 'admin', '2023-05-25 10:28:49', 'admin', '2023-05-25 10:28:49', 'A01', NULL, 12, NULL);
INSERT INTO `km_sys_category` VALUES ('1448924211119710210', '0', '备课材料', 'B16', 'admin', '2023-05-25 10:28:49', 'admin', '2023-05-25 10:28:49', 'A01', NULL, 13, NULL);
INSERT INTO `km_sys_category` VALUES ('1448924255076016129', '0', '工作汇报', 'B17', 'admin', '2023-05-25 10:28:49', 'admin', '2023-05-25 10:28:49', 'A01', NULL, 14, NULL);
INSERT INTO `km_sys_category` VALUES ('1448924309627133953', '0', '社会反馈', 'B18', 'admin', '2023-05-25 10:28:49', 'admin', '2023-05-25 10:28:49', 'A01', '0', 10, 0);
INSERT INTO `km_sys_category` VALUES ('1448924350068613122', '0', '德智体发展', 'B19', 'admin', '2023-05-25 10:28:49', 'admin', '2023-05-25 10:28:49', 'A01', NULL, 16, NULL);
INSERT INTO `km_sys_category` VALUES ('1448924381949517826', '0', '国防教育', 'B20', 'admin', '2023-05-25 10:28:49', 'admin', '2023-05-25 10:28:49', 'A01', NULL, 17, NULL);
INSERT INTO `km_sys_category` VALUES ('1448924413280968705', '0', '人事政策', 'B21', 'admin', '2023-05-25 10:28:49', 'admin', '2023-05-25 10:28:49', 'A01', NULL, 18, NULL);
INSERT INTO `km_sys_category` VALUES ('1448924439432454145', '0', '其他', 'B22', 'admin', '2023-05-25 10:28:49', 'admin', '2023-05-25 10:28:49', 'A01', NULL, 19, NULL);
INSERT INTO `km_sys_category` VALUES ('1450287922069663745', '1450287793728155650', '云资源管理', 'B04A02A04', 'admin', '2023-05-25 10:28:49', 'admin', '2023-05-25 10:28:49', 'A01', NULL, 1, NULL);
INSERT INTO `km_sys_category` VALUES ('1450287830122131457', '1450287793728155650', '预算编制', 'B04A02A01', 'admin', '2023-05-25 10:28:49', 'admin', '2023-05-25 10:28:49', 'A01', NULL, 1, NULL);
INSERT INTO `km_sys_category` VALUES ('1450288104739991553', '1415239215563579394', '信息化框架', 'B04A03', 'admin', '2023-05-25 10:28:49', 'admin', '2023-05-25 10:28:49', 'A01', '1', 1, NULL);
INSERT INTO `km_sys_category` VALUES ('1450288134951563265', '1450288104739991553', '软硬件环境', 'B04A03A01', 'admin', '2023-05-25 10:28:49', 'admin', '2023-05-25 10:28:49', 'A01', NULL, 1, NULL);
INSERT INTO `km_sys_category` VALUES ('1450288212390998018', '1450288104739991553', '平台', 'B04A03A03', 'admin', '2023-05-25 10:28:49', 'admin', '2023-05-25 10:28:49', 'A01', NULL, 1, NULL);
INSERT INTO `km_sys_category` VALUES ('1448919819863777282', '0', '教育研究', 'B05', 'admin', '2023-05-25 10:28:49', 'admin', '2023-05-25 10:28:49', 'A01', '0', 2, 1);
INSERT INTO `km_sys_category` VALUES ('1448923264612098049', '0', '经验交流', 'B06', 'admin', '2023-05-25 10:28:49', 'admin', '2023-05-25 10:28:49', 'A01', '1', 3, NULL);

-- ----------------------------
-- Records of km_sys_check_rule
-- ----------------------------
INSERT INTO `km_sys_check_rule` VALUES ('1224980593992388610', '通用编码规则', 'common', '[{\"digits\":\"1\",\"pattern\":\"^[a-z|A-Z]$\",\"message\":\"第一位只能是字母\"},{\"digits\":\"*\",\"pattern\":\"^[0-9|a-z|A-Z|_]{0,}$\",\"message\":\"只能填写数字、大小写字母、下划线\"},{\"digits\":\"*\",\"pattern\":\"^.{3,}$\",\"message\":\"最少输入3位数\"},{\"digits\":\"*\",\"pattern\":\"^.{3,12}$\",\"message\":\"最多输入12位数\"}]', '规则：1、首位只能是字母；2、只能填写数字、大小写字母、下划线；3、最少3位数，最多12位数。', 'admin', '2023-05-07 11:25:48', 'admin', '2023-05-07 11:25:48');
INSERT INTO `km_sys_check_rule` VALUES ('1225001845524004866', '负责的功能测试', 'test', '[{\"digits\":\"*\",\"pattern\":\"^.{3,12}$\",\"message\":\"只能输入3-12位字符\"},{\"digits\":\"3\",\"pattern\":\"^\\\\d{3}$\",\"message\":\"前3位必须是数字\"},{\"digits\":\"*\",\"pattern\":\"^[^pP]*$\",\"message\":\"不能输入P\"},{\"digits\":\"4\",\"pattern\":\"^@{4}$\",\"message\":\"第4-7位必须都为 @\"},{\"digits\":\"2\",\"pattern\":\"^#=$\",\"message\":\"第8-9位必须是 #=\"},{\"digits\":\"1\",\"pattern\":\"^O$\",\"message\":\"第10位必须为大写的O\"},{\"digits\":\"*\",\"pattern\":\"^.*。$\",\"message\":\"必须以。结尾\"}]', '包含长度校验、特殊字符校验等', 'admin', '2023-05-07 11:25:48', 'admin', '2023-05-07 11:25:48');

-- ----------------------------
-- Records of km_sys_config
-- ----------------------------
INSERT INTO `km_sys_config` VALUES ('12', 'MaxContentSearchLength', '102400', '全文检索最大参数最大长度（内容查重，如果时间过长或报错，请调小参数值）', NULL);
INSERT INTO `km_sys_config` VALUES ('10', 'DuplicateCheckHitRate', '50%', '文档标题与内容查重关键字匹配比例(高于此比例为疑似重复)', NULL);
INSERT INTO `km_sys_config` VALUES ('1', 'supportFileTypes', 'doc,xls,pdf,ppt,txt,xlsx,docx,pptx,zip,rar,jpg,jpeg,bmp,png,gif', '全部支持的文件格式后缀，如果不限制上传格式则设置为空', NULL);
INSERT INTO `km_sys_config` VALUES ('4', 'downloadLimitConfig', '102', '24小时下载次数限制', NULL);
INSERT INTO `km_sys_config` VALUES ('5', 'TitleSearchBoostConfig', '1', '检索权重:标题,以1位基数', NULL);
INSERT INTO `km_sys_config` VALUES ('6', 'KeywordSearchBoostConfig', '1', '检索权重:关键字,以1位基数', NULL);
INSERT INTO `km_sys_config` VALUES ('7', 'ContentSearchBoostConfig', '1', '检索权重:内容,以1位基数', NULL);
INSERT INTO `km_sys_config` VALUES ('8', 'searchLimitConfig', '10', '10秒搜索次数限制', NULL);
INSERT INTO `km_sys_config` VALUES ('9', 'viewLimitConfig', '10', '10秒预览次数限制', NULL);
INSERT INTO `km_sys_config` VALUES ('2', 'IndexFileTypes', 'doc,xls,pdf,ppt,txt,xlsx,docx,pptx,zip,rar', '解释并全文入库的文件格式', NULL);
INSERT INTO `km_sys_config` VALUES ('3', 'ConvertFileTypes', 'doc,xls,pdf,ppt,txt,xlsx,docx,pptx,jpg,jpeg,bmp,png,gif', '自动进行预览文件转换的文件格式', NULL);
INSERT INTO `km_sys_config` VALUES ('11', 'RecommendHotTopic', '0', '是否在首页推荐热门专题', NULL);

-- ----------------------------
-- Records of km_sys_depart
-- ----------------------------
INSERT INTO `km_sys_depart` VALUES ('f79b7d5a99b1442c876858a6961cb1fb', NULL, '总公司', NULL, NULL, 0, NULL, '1', '1', '00', NULL, NULL, NULL, 'root', NULL, '0', NULL, 'ceshi', '2021-10-14 16:41:10', 'admin', '2023-02-16 23:52:53');
INSERT INTO `km_sys_depart` VALUES ('1808d914e530406e8895ba7e04e96cf3', 'f79b7d5a99b1442c876858a6961cb1fb', '山东分公司', NULL, NULL, 0, NULL, '2', '2', '01', NULL, NULL, NULL, '1111', NULL, '0', NULL, 'admin', '2023-02-03 17:01:01', 'admin', '2023-02-16 23:53:32');

-- ----------------------------
-- Records of km_sys_dict
-- ----------------------------
INSERT INTO `km_sys_dict` VALUES ('0b5d19e1fce4b2e6647e6b4a17760c14', '通告类型', 'msg_category', '消息类型1:通知公告2:系统消息', 0, 'admin', '2023-05-25 18:01:35', 'admin', '2023-05-25 18:01:35', 0);
INSERT INTO `km_sys_dict` VALUES ('1174509082208395266', '职务职级', 'position_rank', '职务表职级字典', 0, 'admin', '2023-05-25 18:01:35', 'admin', '2023-05-25 18:01:35', 0);
INSERT INTO `km_sys_dict` VALUES ('1174511106530525185', '机构类型', 'org_category', '机构类型 1公司，2部门 3岗位', 0, 'admin', '2023-05-25 18:01:35', 'admin', '2023-05-25 18:01:35', 0);
INSERT INTO `km_sys_dict` VALUES ('1178295274528845826', '表单权限策略', 'form_perms_type', NULL, 0, 'admin', '2023-05-25 18:01:35', 'admin', '2023-05-25 18:01:35', NULL);
INSERT INTO `km_sys_dict` VALUES ('1199517671259906049', '紧急程度', 'urgent_level', '日程计划紧急程度', 0, 'admin', '2023-05-25 18:01:35', 'admin', '2023-05-25 18:01:35', 0);
INSERT INTO `km_sys_dict` VALUES ('1199518099888414722', '日程计划类型', 'eoa_plan_type', NULL, 0, 'admin', '2023-05-25 18:01:35', 'admin', '2023-05-25 18:01:35', 0);
INSERT INTO `km_sys_dict` VALUES ('1199520177767587841', '分类栏目类型', 'eoa_cms_menu_type', NULL, 0, 'admin', '2023-05-25 18:01:35', 'admin', '2023-05-25 18:01:35', 0);
INSERT INTO `km_sys_dict` VALUES ('1199525215290306561', '日程计划状态', 'eoa_plan_status', NULL, 0, 'admin', '2023-05-25 18:01:35', 'admin', '2023-05-25 18:01:35', 0);
INSERT INTO `km_sys_dict` VALUES ('1209733563293962241', '数据库类型', 'database_type', NULL, 0, 'admin', '2023-05-25 18:01:35', 'admin', '2023-05-25 18:01:35', 0);
INSERT INTO `km_sys_dict` VALUES ('1232913193820581889', 'Online表单业务分类', 'ol_form_biz_type', NULL, 0, 'admin', '2023-05-25 18:01:35', 'admin', '2023-05-25 18:01:35', 0);
INSERT INTO `km_sys_dict` VALUES ('1250687930947620866', '定时任务状态', 'quartz_status', NULL, 0, 'admin', '2023-05-25 18:01:35', 'admin', '2023-05-25 18:01:35', NULL);
INSERT INTO `km_sys_dict` VALUES ('1280401766745718786', '租户状态', 'tenant_status', '租户状态', 0, 'admin', '2023-05-25 18:01:35', 'admin', '2023-05-25 18:01:35', 0);
INSERT INTO `km_sys_dict` VALUES ('1356445645198135298', '开关', 'is_open', NULL, 0, 'admin', '2023-05-25 18:01:35', 'admin', '2023-05-25 18:01:35', 0);
INSERT INTO `km_sys_dict` VALUES ('1415509679443714049', '涉及业务', 'km_dict_business', '涉及业务', 0, 'admin', '2023-05-25 18:01:35', 'admin', '2023-05-25 18:01:35', 0);
INSERT INTO `km_sys_dict` VALUES ('1415572544998932482', '文档来源', 'km_dict_source', '文档来源', 0, 'admin', '2023-05-25 18:01:35', 'admin', '2023-05-25 18:01:35', 0);
INSERT INTO `km_sys_dict` VALUES ('1415574243599777794', '分类目录', 'km_dict_category', '分类目录', 0, 'admin', '2023-05-25 18:01:35', 'admin', '2023-05-25 18:01:35', 0);
INSERT INTO `km_sys_dict` VALUES ('1415575033756319746', '版本状态', 'km_dict_versions', '版本状态', 0, 'admin', '2023-05-25 18:01:35', 'admin', '2023-05-25 18:01:35', 0);
INSERT INTO `km_sys_dict` VALUES ('1418495479619317761', '入库状态', 'dict_fti_flag', NULL, 0, 'admin', '2023-05-25 18:01:35', 'admin', '2023-05-25 18:01:35', 0);
INSERT INTO `km_sys_dict` VALUES ('1420563456950808577', '操作类型', 'dict_doc_visit_type', '操作日志-操作类型', 0, 'admin', '2023-05-25 18:01:35', 'admin', '2023-05-25 18:01:35', 0);
INSERT INTO `km_sys_dict` VALUES ('1435461054779015169', '文档状态', 'doc_dict_status', NULL, 0, 'admin', '2023-05-25 18:01:35', 'admin', '2023-05-25 18:01:35', 0);
INSERT INTO `km_sys_dict` VALUES ('1435763999777144834', '统计维度', 'dict_statisticsType', NULL, 0, 'admin', '2023-05-25 18:01:35', 'admin', '2023-05-25 18:01:35', 0);
INSERT INTO `km_sys_dict` VALUES ('1446749054125019137', '是否公开', 'dict_is_open', NULL, 1, 'admin', '2023-05-25 18:01:35', 'admin', '2023-05-25 18:01:35', 0);
INSERT INTO `km_sys_dict` VALUES ('1448189415518433282', '年份', 'km_dict_year', '发布年份', 0, 'admin', '2023-05-25 18:01:35', 'admin', '2023-05-25 18:01:35', 0);
INSERT INTO `km_sys_dict` VALUES ('1450412344901677057', '公开方式', 'km_dict_public_remark', '公开方式', 0, 'admin', '2023-05-25 18:01:35', 'admin', '2023-05-25 18:01:35', 0);
INSERT INTO `km_sys_dict` VALUES ('236e8a4baff0db8c62c00dd95632834f', '同步工作流引擎', 'activiti_sync', '同步工作流引擎', 0, 'admin', '2023-05-25 18:01:35', 'admin', '2023-05-25 18:01:35', 0);
INSERT INTO `km_sys_dict` VALUES ('2e02df51611a4b9632828ab7e5338f00', '权限策略', 'perms_type', '权限策略', 0, 'admin', '2023-05-25 18:01:35', 'admin', '2023-05-25 18:01:35', 0);
INSERT INTO `km_sys_dict` VALUES ('2f0320997ade5dd147c90130f7218c3e', '推送类别', 'msg_type', NULL, 0, 'admin', '2023-05-25 18:01:35', 'admin', '2023-05-25 18:01:35', 0);
INSERT INTO `km_sys_dict` VALUES ('3486f32803bb953e7155dab3513dc68b', '删除状态', 'del_flag', NULL, 0, 'admin', '2023-05-25 18:01:35', 'admin', '2023-05-25 18:01:35', 0);
INSERT INTO `km_sys_dict` VALUES ('3d9a351be3436fbefb1307d4cfb49bf2', '性别', 'sex', NULL, 0, 'admin', '2023-05-25 18:01:35', 'admin', '2023-05-25 18:01:35', 1);
INSERT INTO `km_sys_dict` VALUES ('4274efc2292239b6f000b153f50823ff', '全局权限策略', 'global_perms_type', '全局权限策略', 0, 'admin', '2023-05-25 18:01:35', 'admin', '2023-05-25 18:01:35', 0);
INSERT INTO `km_sys_dict` VALUES ('4c03fca6bf1f0299c381213961566349', 'Online图表展示模板', 'online_graph_display_template', 'Online图表展示模板', 0, 'admin', '2023-05-25 18:01:35', 'admin', '2023-05-25 18:01:35', 0);
INSERT INTO `km_sys_dict` VALUES ('4c753b5293304e7a445fd2741b46529d', '字典状态', 'dict_item_status', NULL, 0, 'admin', '2023-05-25 18:01:35', 'admin', '2023-05-25 18:01:35', 1);
INSERT INTO `km_sys_dict` VALUES ('4d7fec1a7799a436d26d02325eff295e', '优先级', 'priority', '优先级', 0, 'admin', '2023-05-25 18:01:35', 'admin', '2023-05-25 18:01:35', 0);
INSERT INTO `km_sys_dict` VALUES ('4e4602b3e3686f0911384e188dc7efb4', '条件规则', 'rule_conditions', NULL, 0, 'admin', '2023-05-25 18:01:35', 'admin', '2023-05-25 18:01:35', 0);
INSERT INTO `km_sys_dict` VALUES ('4f69be5f507accea8d5df5f11346181a', '发送消息类型', 'msgType', NULL, 0, 'admin', '2023-05-25 18:01:35', 'admin', '2023-05-25 18:01:35', 0);
INSERT INTO `km_sys_dict` VALUES ('68168534ff5065a152bfab275c2136f8', '有效无效状态', 'valid_status', '有效无效状态', 0, 'admin', '2023-05-25 18:01:35', 'admin', '2023-05-25 18:01:35', 0);
INSERT INTO `km_sys_dict` VALUES ('6b78e3f59faec1a4750acff08030a79b', '用户类型', 'user_type', NULL, 0, 'admin', '2023-05-25 18:01:35', 'admin', '2023-05-25 18:01:35', 0);
INSERT INTO `km_sys_dict` VALUES ('72cce0989df68887546746d8f09811aa', 'Online表单类型', 'cgform_table_type', NULL, 0, 'admin', '2023-05-25 18:01:35', 'admin', '2023-05-25 18:01:35', 0);
INSERT INTO `km_sys_dict` VALUES ('78bda155fe380b1b3f175f1e88c284c6', '流程状态', 'bpm_status', '流程状态', 0, 'admin', '2023-05-25 18:01:35', 'admin', '2023-05-25 18:01:35', 0);
INSERT INTO `km_sys_dict` VALUES ('83bfb33147013cc81640d5fd9eda030c', '日志类型', 'log_type', NULL, 0, 'admin', '2023-05-25 18:01:35', 'admin', '2023-05-25 18:01:35', 1);
INSERT INTO `km_sys_dict` VALUES ('845da5006c97754728bf48b6a10f79cc', '状态', 'status', NULL, 0, 'admin', '2023-05-25 18:01:35', 'admin', '2023-05-25 18:01:35', 0);
INSERT INTO `km_sys_dict` VALUES ('880a895c98afeca9d9ac39f29e67c13e', '操作类型', 'operate_type', '操作类型', 0, 'admin', '2023-05-25 18:01:35', 'admin', '2023-05-25 18:01:35', 0);
INSERT INTO `km_sys_dict` VALUES ('8dfe32e2d29ea9430a988b3b558bf233', '发布状态', 'send_status', '发布状态', 0, 'admin', '2023-05-25 18:01:35', 'admin', '2023-05-25 18:01:35', 0);
INSERT INTO `km_sys_dict` VALUES ('a7adbcd86c37f7dbc9b66945c82ef9e6', '1是0否', 'yn', NULL, 0, 'admin', '2023-05-25 18:01:35', 'admin', '2023-05-25 18:01:35', 0);
INSERT INTO `km_sys_dict` VALUES ('a9d9942bd0eccb6e89de92d130ec4c4a', '消息发送状态', 'msgSendStatus', NULL, 0, 'admin', '2023-05-25 18:01:35', 'admin', '2023-05-25 18:01:35', 0);
INSERT INTO `km_sys_dict` VALUES ('ac2f7c0c5c5775fcea7e2387bcb22f01', '菜单类型', 'menu_type', NULL, 0, 'admin', '2023-05-25 18:01:35', 'admin', '2023-05-25 18:01:35', 1);
INSERT INTO `km_sys_dict` VALUES ('ad7c65ba97c20a6805d5dcdf13cdaf36', 'onlineT类型', 'ceshi_online', NULL, 0, 'admin', '2023-05-25 18:01:35', 'admin', '2023-05-25 18:01:35', 0);
INSERT INTO `km_sys_dict` VALUES ('bd1b8bc28e65d6feefefb6f3c79f42fd', 'Online图表数据类型', 'online_graph_data_type', 'Online图表数据类型', 0, 'admin', '2023-05-25 18:01:35', 'admin', '2023-05-25 18:01:35', 0);
INSERT INTO `km_sys_dict` VALUES ('c36169beb12de8a71c8683ee7c28a503', '部门状态', 'depart_status', NULL, 0, 'admin', '2023-05-25 18:01:35', 'admin', '2023-05-25 18:01:35', 0);
INSERT INTO `km_sys_dict` VALUES ('c5a14c75172783d72cbee6ee7f5df5d1', 'Online图表类型', 'online_graph_type', 'Online图表类型', 0, 'admin', '2023-05-25 18:01:35', 'admin', '2023-05-25 18:01:35', 0);
INSERT INTO `km_sys_dict` VALUES ('d6e1152968b02d69ff358c75b48a6ee1', '流程类型', 'bpm_process_type', NULL, 0, 'admin', '2023-05-25 18:01:35', 'admin', '2023-05-25 18:01:35', 0);
INSERT INTO `km_sys_dict` VALUES ('fc6cd58fde2e8481db10d3a1e68ce70c', '用户状态', 'user_status', NULL, 0, 'admin', '2023-05-25 18:01:35', 'admin', '2023-05-25 18:01:35', 1);

-- ----------------------------
-- Records of km_sys_dict_item
-- ----------------------------
INSERT INTO `km_sys_dict_item` VALUES ('f16c5706f3ae05c57a53850c64ce7c45', 'a9d9942bd0eccb6e89de92d130ec4c4a', '发送成功', '1', NULL, 2, 1, 'admin', '2023-05-25 18:01:35', 'admin', '2023-05-25 18:01:35');
INSERT INTO `km_sys_dict_item` VALUES ('f2a7920421f3335afdf6ad2b342f6b5d', '845da5006c97754728bf48b6a10f79cc', '冻结', '2', NULL, NULL, 1, 'admin', '2023-05-25 18:01:35', 'admin', '2023-05-25 18:01:35');
INSERT INTO `km_sys_dict_item` VALUES ('f37f90c496ec9841c4c326b065e00bb2', '83bfb33147013cc81640d5fd9eda030c', '登录日志', '1', NULL, NULL, 1, 'admin', '2023-05-25 18:01:35', 'admin', '2023-05-25 18:01:35');
INSERT INTO `km_sys_dict_item` VALUES ('f753aff60ff3931c0ecb4812d8b5e643', '4c03fca6bf1f0299c381213961566349', '双排布局', 'double', NULL, 3, 1, 'admin', '2023-05-25 18:01:35', 'admin', '2023-05-25 18:01:35');
INSERT INTO `km_sys_dict_item` VALUES ('f80a8f6838215753b05e1a5ba3346d22', '880a895c98afeca9d9ac39f29e67c13e', '删除', '4', NULL, 4, 1, 'admin', '2023-05-25 18:01:35', 'admin', '2023-05-25 18:01:35');
INSERT INTO `km_sys_dict_item` VALUES ('fcec03570f68a175e1964808dc3f1c91', '4c03fca6bf1f0299c381213961566349', 'Tab风格', 'tab', NULL, 1, 1, 'admin', '2023-05-25 18:01:35', 'admin', '2023-05-25 18:01:35');
INSERT INTO `km_sys_dict_item` VALUES ('fe50b23ae5e68434def76f67cef35d2d', '78bda155fe380b1b3f175f1e88c284c6', '已作废', '4', '已作废', 4, 1, 'admin', '2023-05-25 18:01:35', 'admin', '2023-05-25 18:01:35');
INSERT INTO `km_sys_dict_item` VALUES ('1420564005536411661', '1420563456950808577', '修改', '6', '修改', 6, 1, 'admin', '2023-05-25 18:01:35', 'admin', '2023-05-25 18:01:35');
INSERT INTO `km_sys_dict_item` VALUES ('1420564005536411664', '1420563456950808577', '删除', '7', '删除', 7, 1, 'admin', '2023-05-25 18:01:35', 'admin', '2023-05-25 18:01:35');
INSERT INTO `km_sys_dict_item` VALUES ('1450412465588580354', '1450412344901677057', '主动公开', '1', '', 1, 1, 'admin', '2023-05-25 18:01:35', 'admin', '2023-05-25 18:01:35');
INSERT INTO `km_sys_dict_item` VALUES ('1450412578524409857', '1450412344901677057', '依申请公开', '2', NULL, 2, 1, 'admin', '2023-05-25 18:01:35', 'admin', '2023-05-25 18:01:35');
INSERT INTO `km_sys_dict_item` VALUES ('1450412635868934145', '1450412344901677057', '不公开', '3', NULL, 3, 1, 'admin', '2023-05-25 18:01:35', 'admin', '2023-05-25 18:01:35');
INSERT INTO `km_sys_dict_item` VALUES ('0072d115e07c875d76c9b022e2179128', '4d7fec1a7799a436d26d02325eff295e', '低', 'L', '低', 3, 1, 'admin', '2023-05-25 18:01:35', 'admin', '2023-05-25 18:01:35');
INSERT INTO `km_sys_dict_item` VALUES ('05a2e732ce7b00aa52141ecc3e330b4e', '3486f32803bb953e7155dab3513dc68b', '已删除', '1', NULL, NULL, 1, 'admin', '2023-05-25 18:01:35', 'admin', '2023-05-25 18:01:35');
INSERT INTO `km_sys_dict_item` VALUES ('096c2e758d823def3855f6376bc736fb', 'bd1b8bc28e65d6feefefb6f3c79f42fd', 'SQL', 'sql', NULL, 1, 1, 'admin', '2023-05-25 18:01:35', 'admin', '2023-05-25 18:01:35');
INSERT INTO `km_sys_dict_item` VALUES ('0c9532916f5cd722017b46bc4d953e41', '2f0320997ade5dd147c90130f7218c3e', '指定用户', 'USER', NULL, NULL, 1, 'admin', '2023-05-25 18:01:35', 'admin', '2023-05-25 18:01:35');
INSERT INTO `km_sys_dict_item` VALUES ('0ca4beba9efc4f9dd54af0911a946d5c', '72cce0989df68887546746d8f09811aa', '附表', '3', NULL, 3, 1, 'admin', '2023-05-25 18:01:35', 'admin', '2023-05-25 18:01:35');
INSERT INTO `km_sys_dict_item` VALUES ('1030a2652608f5eac3b49d70458b8532', '2e02df51611a4b9632828ab7e5338f00', '禁用', '2', '禁用', 2, 1, 'admin', '2023-05-25 18:01:35', 'admin', '2023-05-25 18:01:35');
INSERT INTO `km_sys_dict_item` VALUES ('1174509082208395266', '1174511106530525185', '岗位', '3', '岗位', 1, 1, 'admin', '2023-05-25 18:01:35', 'admin', '2023-05-25 18:01:35');
INSERT INTO `km_sys_dict_item` VALUES ('1174509601047994369', '1174509082208395266', '员级', '1', NULL, 1, 1, 'admin', '2023-05-25 18:01:35', 'admin', '2023-05-25 18:01:35');
INSERT INTO `km_sys_dict_item` VALUES ('1174509667297026049', '1174509082208395266', '助级', '2', NULL, 2, 1, 'admin', '2023-05-25 18:01:35', 'admin', '2023-05-25 18:01:35');
INSERT INTO `km_sys_dict_item` VALUES ('1174509713568587777', '1174509082208395266', '中级', '3', NULL, 3, 1, 'admin', '2023-05-25 18:01:35', 'admin', '2023-05-25 18:01:35');
INSERT INTO `km_sys_dict_item` VALUES ('1174509788361416705', '1174509082208395266', '副高级', '4', NULL, 4, 1, 'admin', '2023-05-25 18:01:35', 'admin', '2023-05-25 18:01:35');
INSERT INTO `km_sys_dict_item` VALUES ('1174509835803189250', '1174509082208395266', '正高级', '5', NULL, 5, 1, 'admin', '2023-05-25 18:01:35', 'admin', '2023-05-25 18:01:35');
INSERT INTO `km_sys_dict_item` VALUES ('1174511197735665665', '1174511106530525185', '公司', '1', '公司', 1, 1, 'admin', '2023-05-25 18:01:35', 'admin', '2023-05-25 18:01:35');
INSERT INTO `km_sys_dict_item` VALUES ('1174511244036587521', '1174511106530525185', '部门', '2', '部门', 1, 1, 'admin', '2023-05-25 18:01:35', 'admin', '2023-05-25 18:01:35');
INSERT INTO `km_sys_dict_item` VALUES ('1178295553450061826', '1178295274528845826', '可编辑(未授权禁用)', '2', NULL, 2, 1, 'admin', '2023-05-25 18:01:35', 'admin', '2023-05-25 18:01:35');
INSERT INTO `km_sys_dict_item` VALUES ('1178295639554928641', '1178295274528845826', '可见(未授权不可见)', '1', NULL, 1, 1, 'admin', '2023-05-25 18:01:35', 'admin', '2023-05-25 18:01:35');
INSERT INTO `km_sys_dict_item` VALUES ('1199517884758368257', '1199517671259906049', '一般', '1', NULL, 1, 1, 'admin', '2023-05-25 18:01:35', 'admin', '2023-05-25 18:01:35');
INSERT INTO `km_sys_dict_item` VALUES ('1199517914017832962', '1199517671259906049', '重要', '2', NULL, 1, 1, 'admin', '2023-05-25 18:01:35', 'admin', '2023-05-25 18:01:35');
INSERT INTO `km_sys_dict_item` VALUES ('1199517941339529217', '1199517671259906049', '紧急', '3', NULL, 1, 1, 'admin', '2023-05-25 18:01:35', 'admin', '2023-05-25 18:01:35');
INSERT INTO `km_sys_dict_item` VALUES ('1199518186144276482', '1199518099888414722', '日常记录', '1', NULL, 1, 1, 'admin', '2023-05-25 18:01:35', 'admin', '2023-05-25 18:01:35');
INSERT INTO `km_sys_dict_item` VALUES ('1199518214858481666', '1199518099888414722', '本周工作', '2', NULL, 1, 1, 'admin', '2023-05-25 18:01:35', 'admin', '2023-05-25 18:01:35');
INSERT INTO `km_sys_dict_item` VALUES ('1199518235943247874', '1199518099888414722', '下周计划', '3', NULL, 1, 1, 'admin', '2023-05-25 18:01:35', 'admin', '2023-05-25 18:01:35');
INSERT INTO `km_sys_dict_item` VALUES ('1199520817285701634', '1199520177767587841', '列表', '1', NULL, 1, 1, 'admin', '2023-05-25 18:01:35', 'admin', '2023-05-25 18:01:35');
INSERT INTO `km_sys_dict_item` VALUES ('1199520835035996161', '1199520177767587841', '链接', '2', NULL, 1, 1, 'admin', '2023-05-25 18:01:35', 'admin', '2023-05-25 18:01:35');
INSERT INTO `km_sys_dict_item` VALUES ('1199525468672405505', '1199525215290306561', '未开始', '0', NULL, 1, 1, 'admin', '2023-05-25 18:01:35', 'admin', '2023-05-25 18:01:35');
INSERT INTO `km_sys_dict_item` VALUES ('1199525490575060993', '1199525215290306561', '进行中', '1', NULL, 1, 1, 'admin', '2023-05-25 18:01:35', 'admin', '2023-05-25 18:01:35');
INSERT INTO `km_sys_dict_item` VALUES ('1199525506429530114', '1199525215290306561', '已完成', '2', NULL, 1, 1, 'admin', '2023-05-25 18:01:35', 'admin', '2023-05-25 18:01:35');
INSERT INTO `km_sys_dict_item` VALUES ('1199607547704647681', '4f69be5f507accea8d5df5f11346181a', '系统', '4', NULL, 1, 1, 'admin', '2023-05-25 18:01:35', 'admin', '2023-05-25 18:01:35');
INSERT INTO `km_sys_dict_item` VALUES ('1209733775114702850', '1209733563293962241', 'MySQL5.5', '1', NULL, 1, 1, 'admin', '2023-05-25 18:01:35', 'admin', '2023-05-25 18:01:35');
INSERT INTO `km_sys_dict_item` VALUES ('1209733839933476865', '1209733563293962241', 'Oracle', '2', NULL, 3, 1, 'admin', '2023-05-25 18:01:35', 'admin', '2023-05-25 18:01:35');
INSERT INTO `km_sys_dict_item` VALUES ('1209733903020003330', '1209733563293962241', 'SQLServer', '3', NULL, 4, 1, 'admin', '2023-05-25 18:01:35', 'admin', '2023-05-25 18:01:35');
INSERT INTO `km_sys_dict_item` VALUES ('1232913424813486081', '1232913193820581889', '官方示例', 'demo', NULL, 1, 1, 'admin', '2023-05-25 18:01:35', 'admin', '2023-05-25 18:01:35');
INSERT INTO `km_sys_dict_item` VALUES ('1232913493717512194', '1232913193820581889', '流程表单', 'bpm', NULL, 2, 1, 'admin', '2023-05-25 18:01:35', 'admin', '2023-05-25 18:01:35');
INSERT INTO `km_sys_dict_item` VALUES ('1232913605382467585', '1232913193820581889', '测试表单', 'temp', NULL, 4, 1, 'admin', '2023-05-25 18:01:35', 'admin', '2023-05-25 18:01:35');
INSERT INTO `km_sys_dict_item` VALUES ('1232914232372195330', '1232913193820581889', '导入表单', 'bdfl_include', NULL, 5, 1, 'admin', '2023-05-25 18:01:35', 'admin', '2023-05-25 18:01:35');
INSERT INTO `km_sys_dict_item` VALUES ('1234371726545010689', '4e4602b3e3686f0911384e188dc7efb4', '左模糊', 'LEFT_LIKE', '左模糊', 7, 1, 'admin', '2023-05-25 18:01:35', 'admin', '2023-05-25 18:01:35');
INSERT INTO `km_sys_dict_item` VALUES ('1234371809495760898', '4e4602b3e3686f0911384e188dc7efb4', '右模糊', 'RIGHT_LIKE', '右模糊', 7, 1, 'admin', '2023-05-25 18:01:35', 'admin', '2023-05-25 18:01:35');
INSERT INTO `km_sys_dict_item` VALUES ('1250688147579228161', '1250687930947620866', '正常', '0', NULL, 1, 1, 'admin', '2023-05-25 18:01:35', 'admin', '2023-05-25 18:01:35');
INSERT INTO `km_sys_dict_item` VALUES ('1250688201064992770', '1250687930947620866', '停止', '-1', NULL, 1, 1, 'admin', '2023-05-25 18:01:35', 'admin', '2023-05-25 18:01:35');
INSERT INTO `km_sys_dict_item` VALUES ('1280401815068295170', '1280401766745718786', '正常', '1', NULL, 1, 1, 'admin', '2023-05-25 18:01:35', 'admin', '2023-05-25 18:01:35');
INSERT INTO `km_sys_dict_item` VALUES ('1280401847607705602', '1280401766745718786', '冻结', '0', NULL, 1, 1, 'admin', '2023-05-25 18:01:35', 'admin', '2023-05-25 18:01:35');
INSERT INTO `km_sys_dict_item` VALUES ('1305827309355302914', 'bd1b8bc28e65d6feefefb6f3c79f42fd', 'API', 'api', NULL, 3, 1, 'admin', '2023-05-25 18:01:35', 'admin', '2023-05-25 18:01:35');
INSERT INTO `km_sys_dict_item` VALUES ('1334440962954936321', '1209733563293962241', 'MYSQL5.7', '4', NULL, 1, 1, 'admin', '2023-05-25 18:01:35', 'admin', '2023-05-25 18:01:35');
INSERT INTO `km_sys_dict_item` VALUES ('1356445705549975553', '1356445645198135298', '是', 'Y', NULL, 1, 1, 'admin', '2023-05-25 18:01:35', 'admin', '2023-05-25 18:01:35');
INSERT INTO `km_sys_dict_item` VALUES ('1356445754212290561', '1356445645198135298', '否', 'N', NULL, 1, 1, 'admin', '2023-05-25 18:01:35', 'admin', '2023-05-25 18:01:35');
INSERT INTO `km_sys_dict_item` VALUES ('1415510117652013057', '1415509679443714049', '承保', '1', '', 1, 1, 'admin', '2023-05-25 18:01:35', 'admin', '2023-05-25 18:01:35');
INSERT INTO `km_sys_dict_item` VALUES ('1415512755764371457', '1415509679443714049', '理赔', '2', '', 1, 1, 'admin', '2023-05-25 18:01:35', 'admin', '2023-05-25 18:01:35');
INSERT INTO `km_sys_dict_item` VALUES ('1415573567788351489', '1415572544998932482', '总公司', '1', '', 1, 1, 'admin', '2023-05-25 18:01:35', 'admin', '2023-05-25 18:01:35');
INSERT INTO `km_sys_dict_item` VALUES ('1415573676152389634', '1415572544998932482', '分公司', '2', '', 1, 1, 'admin', '2023-05-25 18:01:35', 'admin', '2023-05-25 18:01:35');
INSERT INTO `km_sys_dict_item` VALUES ('1415574342098812929', '1415574243599777794', '承保知识', '1', '', 1, 1, 'admin', '2023-05-25 18:01:35', 'admin', '2023-05-25 18:01:35');
INSERT INTO `km_sys_dict_item` VALUES ('1415574391214112769', '1415574243599777794', '理赔知识', '2', '', 1, 1, 'admin', '2023-05-25 18:01:35', 'admin', '2023-05-25 18:01:35');
INSERT INTO `km_sys_dict_item` VALUES ('1415575114165321729', '1415575033756319746', '最终稿', '1', NULL, 1, 1, 'admin', '2023-05-25 18:01:35', 'admin', '2023-05-25 18:01:35');
INSERT INTO `km_sys_dict_item` VALUES ('1415575176530427906', '1415575033756319746', '过程稿', '2', NULL, 1, 1, 'admin', '2023-05-25 18:01:35', 'admin', '2023-05-25 18:01:35');
INSERT INTO `km_sys_dict_item` VALUES ('1418496971277398018', '1418495479619317761', '入库失败', '-1', NULL, 1, 1, 'admin', '2023-05-25 18:01:35', 'admin', '2023-05-25 18:01:35');
INSERT INTO `km_sys_dict_item` VALUES ('1418497014818467842', '1418495479619317761', '等待入库', '0', NULL, 1, 1, 'admin', '2023-05-25 18:01:35', 'admin', '2023-05-25 18:01:35');
INSERT INTO `km_sys_dict_item` VALUES ('1418497058619584514', '1418495479619317761', '已入库', '1', NULL, 1, 1, 'admin', '2023-05-25 18:01:35', 'admin', '2023-05-25 18:01:35');
INSERT INTO `km_sys_dict_item` VALUES ('1418497118333890561', '1418495479619317761', '不需要入库', '2', NULL, 1, 1, 'admin', '2023-05-25 18:01:35', 'admin', '2023-05-25 18:01:35');
INSERT INTO `km_sys_dict_item` VALUES ('1420563600144347137', '1420563456950808577', '上传', '0', '上传', 0, 1, 'admin', '2023-05-25 18:01:35', 'admin', '2023-05-25 18:01:35');
INSERT INTO `km_sys_dict_item` VALUES ('1420563852746305538', '1420563456950808577', '修改预览文档', '3', '修改预览文档', 3, 1, 'admin', '2023-05-25 18:01:35', 'admin', '2023-05-25 18:01:35');
INSERT INTO `km_sys_dict_item` VALUES ('1420563930554839041', '1420563456950808577', '下载', '4', '下载', 4, 1, 'admin', '2023-05-25 18:01:35', 'admin', '2023-05-25 18:01:35');
INSERT INTO `km_sys_dict_item` VALUES ('1420564005536411650', '1420563456950808577', '预览', '5', '预览', 5, 1, 'admin', '2023-05-25 18:01:35', 'admin', '2023-05-25 18:01:35');
INSERT INTO `km_sys_dict_item` VALUES ('1435461449668542466', '1435461054779015169', '草稿', '0', NULL, 1, 1, 'admin', '2023-05-25 18:01:35', 'admin', '2023-05-25 18:01:35');
INSERT INTO `km_sys_dict_item` VALUES ('1435461470677811202', '1435461054779015169', '待审核', '1', NULL, 1, 1, 'admin', '2023-05-25 18:01:35', 'admin', '2023-05-25 18:01:35');
INSERT INTO `km_sys_dict_item` VALUES ('1435461526139092994', '1435461054779015169', '审核通过', '2', NULL, 1, 1, 'admin', '2023-05-25 18:01:35', 'admin', '2023-05-25 18:01:35');
INSERT INTO `km_sys_dict_item` VALUES ('1435461599442944002', '1435461054779015169', '审核驳回', '3', NULL, 1, 1, 'admin', '2023-05-25 18:01:35', 'admin', '2023-05-25 18:01:35');
INSERT INTO `km_sys_dict_item` VALUES ('1435764110502576129', '1435763999777144834', '分类', '1', NULL, 1, 1, 'admin', '2023-05-25 18:01:35', 'admin', '2023-05-25 18:01:35');
INSERT INTO `km_sys_dict_item` VALUES ('1435764144711319554', '1435763999777144834', '来源', '2', NULL, 1, 1, 'admin', '2023-05-25 18:01:35', 'admin', '2023-05-25 18:01:35');
INSERT INTO `km_sys_dict_item` VALUES ('1435764240131735554', '1435763999777144834', '涉及业务', '4', NULL, 1, 1, 'admin', '2023-05-25 18:01:35', 'admin', '2023-05-25 18:01:35');
INSERT INTO `km_sys_dict_item` VALUES ('1435764293730746370', '1435763999777144834', '版本状态', '5', NULL, 1, 1, 'admin', '2023-05-25 18:01:35', 'admin', '2023-05-25 18:01:35');
INSERT INTO `km_sys_dict_item` VALUES ('1446749165269880833', '1446749054125019137', '公开', '0', NULL, 1, 1, 'admin', '2023-05-25 18:01:35', 'admin', '2023-05-25 18:01:35');
INSERT INTO `km_sys_dict_item` VALUES ('1446749218503987201', '1446749054125019137', '不公开', '1', NULL, 1, 1, 'admin', '2023-05-25 18:01:35', 'admin', '2023-05-25 18:01:35');
INSERT INTO `km_sys_dict_item` VALUES ('1448189485705916417', '1448189415518433282', '2021年', '2021', NULL, 2021, 1, 'admin', '2023-05-25 18:01:35', 'admin', '2023-05-25 18:01:35');
INSERT INTO `km_sys_dict_item` VALUES ('1448189539787272194', '1448189415518433282', '2022年', '2022', NULL, 2022, 1, 'admin', '2023-05-25 18:01:35', 'admin', '2023-05-25 18:01:35');
INSERT INTO `km_sys_dict_item` VALUES ('1448189588860628993', '1448189415518433282', '2020年', '2020', NULL, 2020, 1, 'admin', '2023-05-25 18:01:35', 'admin', '2023-05-25 18:01:35');
INSERT INTO `km_sys_dict_item` VALUES ('1448199169691152386', '1448189415518433282', '2019年', '2019', NULL, 2019, 1, 'admin', '2023-05-25 18:01:35', 'admin', '2023-05-25 18:01:35');
INSERT INTO `km_sys_dict_item` VALUES ('1448199236258951170', '1448189415518433282', '2018年', '2018', NULL, 2018, 1, 'admin', '2023-05-25 18:01:35', 'admin', '2023-05-25 18:01:35');
INSERT INTO `km_sys_dict_item` VALUES ('1448199306417074178', '1448189415518433282', '2023年', '2023', NULL, 2023, 1, 'admin', '2023-05-25 18:01:35', 'admin', '2023-05-25 18:01:35');
INSERT INTO `km_sys_dict_item` VALUES ('1448199379939028994', '1448189415518433282', '2024年', '2024', NULL, 2024, 1, 'admin', '2023-05-25 18:01:35', 'admin', '2023-05-25 18:01:35');
INSERT INTO `km_sys_dict_item` VALUES ('1448199445483417601', '1448189415518433282', '2025年', '2025', NULL, 2025, 1, 'admin', '2023-05-25 18:01:35', 'admin', '2023-05-25 18:01:35');
INSERT INTO `km_sys_dict_item` VALUES ('1448199700622929921', '1448189415518433282', '2017年', '2017', NULL, 2017, 1, 'admin', '2023-05-25 18:01:35', 'admin', '2023-05-25 18:01:35');
INSERT INTO `km_sys_dict_item` VALUES ('1448199760270127105', '1448189415518433282', '2016年', '2016', NULL, 2016, 1, 'admin', '2023-05-25 18:01:35', 'admin', '2023-05-25 18:01:35');
INSERT INTO `km_sys_dict_item` VALUES ('1448199814963851265', '1448189415518433282', '2015年', '2015', NULL, 2015, 1, 'admin', '2023-05-25 18:01:35', 'admin', '2023-05-25 18:01:35');
INSERT INTO `km_sys_dict_item` VALUES ('1448199899512631298', '1448189415518433282', '2026年', '2026', NULL, 2026, 1, 'admin', '2023-05-25 18:01:35', 'admin', '2023-05-25 18:01:35');
INSERT INTO `km_sys_dict_item` VALUES ('1448199976788488193', '1448189415518433282', '2027年', '2027', NULL, 2027, 1, 'admin', '2023-05-25 18:01:35', 'admin', '2023-05-25 18:01:35');
INSERT INTO `km_sys_dict_item` VALUES ('1448200037769474050', '1448189415518433282', '2028年', '2028', NULL, 2028, 1, 'admin', '2023-05-25 18:01:35', 'admin', '2023-05-25 18:01:35');
INSERT INTO `km_sys_dict_item` VALUES ('1448200113774456834', '1448189415518433282', '2029年', '2029', NULL, 2029, 1, 'admin', '2023-05-25 18:01:35', 'admin', '2023-05-25 18:01:35');
INSERT INTO `km_sys_dict_item` VALUES ('147c48ff4b51545032a9119d13f3222a', 'd6e1152968b02d69ff358c75b48a6ee1', '测试流程', 'test', NULL, 1, 1, 'admin', '2023-05-25 18:01:35', 'admin', '2023-05-25 18:01:35');
INSERT INTO `km_sys_dict_item` VALUES ('1543fe7e5e26fb97cdafe4981bedc0c8', '4c03fca6bf1f0299c381213961566349', '单排布局', 'single', NULL, 2, 1, 'admin', '2023-05-25 18:01:35', 'admin', '2023-05-25 18:01:35');
INSERT INTO `km_sys_dict_item` VALUES ('1ce390c52453891f93514c1bd2795d44', 'ad7c65ba97c20a6805d5dcdf13cdaf36', '000', '00', NULL, 1, 1, 'admin', '2023-05-25 18:01:35', 'admin', '2023-05-25 18:01:35');
INSERT INTO `km_sys_dict_item` VALUES ('1db531bcff19649fa82a644c8a939dc4', '4c03fca6bf1f0299c381213961566349', '组合布局', 'combination', NULL, 4, 1, 'admin', '2023-05-25 18:01:35', 'admin', '2023-05-25 18:01:35');
INSERT INTO `km_sys_dict_item` VALUES ('222705e11ef0264d4214affff1fb4ff9', '4f69be5f507accea8d5df5f11346181a', '短信', '1', NULL, 1, 1, 'admin', '2023-05-25 18:01:35', 'admin', '2023-05-25 18:01:35');
INSERT INTO `km_sys_dict_item` VALUES ('23a5bb76004ed0e39414e928c4cde155', '4e4602b3e3686f0911384e188dc7efb4', '不等于', '!=', '不等于', 3, 1, 'admin', '2023-05-25 18:01:35', 'admin', '2023-05-25 18:01:35');
INSERT INTO `km_sys_dict_item` VALUES ('25847e9cb661a7c711f9998452dc09e6', '4e4602b3e3686f0911384e188dc7efb4', '小于等于', '<=', '小于等于', 6, 1, 'admin', '2023-05-25 18:01:35', 'admin', '2023-05-25 18:01:35');
INSERT INTO `km_sys_dict_item` VALUES ('2d51376643f220afdeb6d216a8ac2c01', '68168534ff5065a152bfab275c2136f8', '有效', '1', '有效', 2, 1, 'admin', '2023-05-25 18:01:35', 'admin', '2023-05-25 18:01:35');
INSERT INTO `km_sys_dict_item` VALUES ('308c8aadf0c37ecdde188b97ca9833f5', '8dfe32e2d29ea9430a988b3b558bf233', '已发布', '1', '已发布', 2, 1, 'admin', '2023-05-25 18:01:35', 'admin', '2023-05-25 18:01:35');
INSERT INTO `km_sys_dict_item` VALUES ('333e6b2196e01ef9a5f76d74e86a6e33', '8dfe32e2d29ea9430a988b3b558bf233', '未发布', '0', '未发布', 1, 1, 'admin', '2023-05-25 18:01:35', 'admin', '2023-05-25 18:01:35');
INSERT INTO `km_sys_dict_item` VALUES ('337ea1e401bda7233f6258c284ce4f50', 'bd1b8bc28e65d6feefefb6f3c79f42fd', 'JSON', 'json', NULL, 1, 1, 'admin', '2023-05-25 18:01:35', 'admin', '2023-05-25 18:01:35');
INSERT INTO `km_sys_dict_item` VALUES ('33bc9d9f753cf7dc40e70461e50fdc54', 'a9d9942bd0eccb6e89de92d130ec4c4a', '发送失败', '2', NULL, 3, 1, 'admin', '2023-05-25 18:01:35', 'admin', '2023-05-25 18:01:35');
INSERT INTO `km_sys_dict_item` VALUES ('3fbc03d6c994ae06d083751248037c0e', '78bda155fe380b1b3f175f1e88c284c6', '已完成', '3', '已完成', 3, 1, 'admin', '2023-05-25 18:01:35', 'admin', '2023-05-25 18:01:35');
INSERT INTO `km_sys_dict_item` VALUES ('41d7aaa40c9b61756ffb1f28da5ead8e', '0b5d19e1fce4b2e6647e6b4a17760c14', '通知公告', '1', NULL, 1, 1, 'admin', '2023-05-25 18:01:35', 'admin', '2023-05-25 18:01:35');
INSERT INTO `km_sys_dict_item` VALUES ('41fa1e9571505d643aea87aeb83d4d76', '4e4602b3e3686f0911384e188dc7efb4', '等于', '=', '等于', 4, 1, 'admin', '2023-05-25 18:01:35', 'admin', '2023-05-25 18:01:35');
INSERT INTO `km_sys_dict_item` VALUES ('43d2295b8610adce9510ff196a49c6e9', '845da5006c97754728bf48b6a10f79cc', '正常', '1', NULL, NULL, 1, 'admin', '2023-05-25 18:01:35', 'admin', '2023-05-25 18:01:35');
INSERT INTO `km_sys_dict_item` VALUES ('4f05fb5376f4c61502c5105f52e4dd2b', '83bfb33147013cc81640d5fd9eda030c', '操作日志', '2', NULL, NULL, 1, 'admin', '2023-05-25 18:01:35', 'admin', '2023-05-25 18:01:35');
INSERT INTO `km_sys_dict_item` VALUES ('50223341bfb5ba30bf6319789d8d17fe', 'd6e1152968b02d69ff358c75b48a6ee1', '业务办理', 'business', NULL, 3, 1, 'admin', '2023-05-25 18:01:35', 'admin', '2023-05-25 18:01:35');
INSERT INTO `km_sys_dict_item` VALUES ('51222413e5906cdaf160bb5c86fb827c', 'a7adbcd86c37f7dbc9b66945c82ef9e6', '是', '1', NULL, 1, 1, 'admin', '2023-05-25 18:01:35', 'admin', '2023-05-25 18:01:35');
INSERT INTO `km_sys_dict_item` VALUES ('538fca35afe004972c5f3947c039e766', '2e02df51611a4b9632828ab7e5338f00', '显示', '1', '显示', 1, 1, 'admin', '2023-05-25 18:01:35', 'admin', '2023-05-25 18:01:35');
INSERT INTO `km_sys_dict_item` VALUES ('5584c21993bde231bbde2b966f2633ac', '4e4602b3e3686f0911384e188dc7efb4', '自定义SQL表达式', 'USE_SQL_RULES', '自定义SQL表达式', 9, 1, 'admin', '2023-05-25 18:01:35', 'admin', '2023-05-25 18:01:35');
INSERT INTO `km_sys_dict_item` VALUES ('58b73b344305c99b9d8db0fc056bbc0a', '72cce0989df68887546746d8f09811aa', '主表', '2', NULL, 2, 1, 'admin', '2023-05-25 18:01:35', 'admin', '2023-05-25 18:01:35');
INSERT INTO `km_sys_dict_item` VALUES ('5b65a88f076b32e8e69d19bbaadb52d5', '2f0320997ade5dd147c90130f7218c3e', '全体用户', 'ALL', NULL, NULL, 1, 'admin', '2023-05-25 18:01:35', 'admin', '2023-05-25 18:01:35');
INSERT INTO `km_sys_dict_item` VALUES ('5d833f69296f691843ccdd0c91212b6b', '880a895c98afeca9d9ac39f29e67c13e', '修改', '3', NULL, 3, 1, 'admin', '2023-05-25 18:01:35', 'admin', '2023-05-25 18:01:35');
INSERT INTO `km_sys_dict_item` VALUES ('5d84a8634c8fdfe96275385075b105c9', '3d9a351be3436fbefb1307d4cfb49bf2', '女', '2', NULL, 2, 1, 'admin', '2023-05-25 18:01:35', 'admin', '2023-05-25 18:01:35');
INSERT INTO `km_sys_dict_item` VALUES ('66c952ae2c3701a993e7db58f3baf55e', '4e4602b3e3686f0911384e188dc7efb4', '大于', '>', '大于', 1, 1, 'admin', '2023-05-25 18:01:35', 'admin', '2023-05-25 18:01:35');
INSERT INTO `km_sys_dict_item` VALUES ('6937c5dde8f92e9a00d4e2ded9198694', 'ad7c65ba97c20a6805d5dcdf13cdaf36', 'easyui', '3', NULL, 1, 1, 'admin', '2023-05-25 18:01:35', 'admin', '2023-05-25 18:01:35');
INSERT INTO `km_sys_dict_item` VALUES ('69cacf64e244100289ddd4aa9fa3b915', 'a9d9942bd0eccb6e89de92d130ec4c4a', '未发送', '0', NULL, 1, 1, 'admin', '2023-05-25 18:01:35', 'admin', '2023-05-25 18:01:35');
INSERT INTO `km_sys_dict_item` VALUES ('6a7a9e1403a7943aba69e54ebeff9762', '4f69be5f507accea8d5df5f11346181a', '邮件', '2', NULL, 2, 1, 'admin', '2023-05-25 18:01:35', 'admin', '2023-05-25 18:01:35');
INSERT INTO `km_sys_dict_item` VALUES ('6c682d78ddf1715baf79a1d52d2aa8c2', '72cce0989df68887546746d8f09811aa', '单表', '1', NULL, 1, 1, 'admin', '2023-05-25 18:01:35', 'admin', '2023-05-25 18:01:35');
INSERT INTO `km_sys_dict_item` VALUES ('6d404fd2d82311fbc87722cd302a28bc', '4e4602b3e3686f0911384e188dc7efb4', '模糊', 'LIKE', '模糊', 7, 1, 'admin', '2023-05-25 18:01:35', 'admin', '2023-05-25 18:01:35');
INSERT INTO `km_sys_dict_item` VALUES ('6d4e26e78e1a09699182e08516c49fc4', '4d7fec1a7799a436d26d02325eff295e', '高', 'H', '高', 1, 1, 'admin', '2023-05-25 18:01:35', 'admin', '2023-05-25 18:01:35');
INSERT INTO `km_sys_dict_item` VALUES ('700e9f030654f3f90e9ba76ab0713551', '6b78e3f59faec1a4750acff08030a79b', '333', '333', NULL, NULL, 1, 'admin', '2023-05-25 18:01:35', 'admin', '2023-05-25 18:01:35');
INSERT INTO `km_sys_dict_item` VALUES ('7050c1522702bac3be40e3b7d2e1dfd8', 'c5a14c75172783d72cbee6ee7f5df5d1', '柱状图', 'bar', NULL, 1, 1, 'admin', '2023-05-25 18:01:35', 'admin', '2023-05-25 18:01:35');
INSERT INTO `km_sys_dict_item` VALUES ('71b924faa93805c5c1579f12e001c809', 'd6e1152968b02d69ff358c75b48a6ee1', 'OA办公', 'oa', NULL, 2, 1, 'admin', '2023-05-25 18:01:35', 'admin', '2023-05-25 18:01:35');
INSERT INTO `km_sys_dict_item` VALUES ('75b260d7db45a39fc7f21badeabdb0ed', 'c36169beb12de8a71c8683ee7c28a503', '不启用', '0', NULL, NULL, 1, 'admin', '2023-05-25 18:01:35', 'admin', '2023-05-25 18:01:35');
INSERT INTO `km_sys_dict_item` VALUES ('7688469db4a3eba61e6e35578dc7c2e5', 'c36169beb12de8a71c8683ee7c28a503', '启用', '1', NULL, NULL, 1, 'admin', '2023-05-25 18:01:35', 'admin', '2023-05-25 18:01:35');
INSERT INTO `km_sys_dict_item` VALUES ('78ea6cadac457967a4b1c4eb7aaa418c', 'fc6cd58fde2e8481db10d3a1e68ce70c', '正常', '1', NULL, NULL, 1, 'admin', '2023-05-25 18:01:35', 'admin', '2023-05-25 18:01:35');
INSERT INTO `km_sys_dict_item` VALUES ('7ccf7b80c70ee002eceb3116854b75cb', 'ac2f7c0c5c5775fcea7e2387bcb22f01', '按钮权限', '2', NULL, NULL, 1, 'admin', '2023-05-25 18:01:35', 'admin', '2023-05-25 18:01:35');
INSERT INTO `km_sys_dict_item` VALUES ('81fb2bb0e838dc68b43f96cc309f8257', 'fc6cd58fde2e8481db10d3a1e68ce70c', '冻结', '2', NULL, NULL, 1, 'admin', '2023-05-25 18:01:35', 'admin', '2023-05-25 18:01:35');
INSERT INTO `km_sys_dict_item` VALUES ('83250269359855501ec4e9c0b7e21596', '4274efc2292239b6f000b153f50823ff', '可见/可访问(授权后可见/可访问)', '1', NULL, 1, 1, 'admin', '2023-05-25 18:01:35', 'admin', '2023-05-25 18:01:35');
INSERT INTO `km_sys_dict_item` VALUES ('84778d7e928bc843ad4756db1322301f', '4e4602b3e3686f0911384e188dc7efb4', '大于等于', '>=', '大于等于', 5, 1, 'admin', '2023-05-25 18:01:35', 'admin', '2023-05-25 18:01:35');
INSERT INTO `km_sys_dict_item` VALUES ('848d4da35ebd93782029c57b103e5b36', 'c5a14c75172783d72cbee6ee7f5df5d1', '饼图', 'pie', NULL, 3, 1, 'admin', '2023-05-25 18:01:35', 'admin', '2023-05-25 18:01:35');
INSERT INTO `km_sys_dict_item` VALUES ('84dfc178dd61b95a72900fcdd624c471', '78bda155fe380b1b3f175f1e88c284c6', '处理中', '2', '处理中', 2, 1, 'admin', '2023-05-25 18:01:35', 'admin', '2023-05-25 18:01:35');
INSERT INTO `km_sys_dict_item` VALUES ('86f19c7e0a73a0bae451021ac05b99dd', 'ac2f7c0c5c5775fcea7e2387bcb22f01', '子菜单', '1', NULL, NULL, 1, 'admin', '2023-05-25 18:01:35', 'admin', '2023-05-25 18:01:35');
INSERT INTO `km_sys_dict_item` VALUES ('8bccb963e1cd9e8d42482c54cc609ca2', '4f69be5f507accea8d5df5f11346181a', '微信', '3', NULL, 3, 1, 'admin', '2023-05-25 18:01:35', 'admin', '2023-05-25 18:01:35');
INSERT INTO `km_sys_dict_item` VALUES ('8c618902365ca681ebbbe1e28f11a548', '4c753b5293304e7a445fd2741b46529d', '启用', '1', NULL, 0, 1, 'admin', '2023-05-25 18:01:35', 'admin', '2023-05-25 18:01:35');
INSERT INTO `km_sys_dict_item` VALUES ('8cdf08045056671efd10677b8456c999', '4274efc2292239b6f000b153f50823ff', '可编辑(未授权时禁用)', '2', NULL, 2, 1, 'admin', '2023-05-25 18:01:35', 'admin', '2023-05-25 18:01:35');
INSERT INTO `km_sys_dict_item` VALUES ('8ff48e657a7c5090d4f2a59b37d1b878', '4d7fec1a7799a436d26d02325eff295e', '中', 'M', '中', 2, 1, 'admin', '2023-05-25 18:01:35', 'admin', '2023-05-25 18:01:35');
INSERT INTO `km_sys_dict_item` VALUES ('948923658baa330319e59b2213cda97c', '880a895c98afeca9d9ac39f29e67c13e', '添加', '2', NULL, 2, 1, 'admin', '2023-05-25 18:01:35', 'admin', '2023-05-25 18:01:35');
INSERT INTO `km_sys_dict_item` VALUES ('9a96c4a4e4c5c9b4e4d0cbf6eb3243cc', '4c753b5293304e7a445fd2741b46529d', '不启用', '0', NULL, 1, 1, 'admin', '2023-05-25 18:01:35', 'admin', '2023-05-25 18:01:35');
INSERT INTO `km_sys_dict_item` VALUES ('a1e7d1ca507cff4a480c8caba7c1339e', '880a895c98afeca9d9ac39f29e67c13e', '导出', '6', NULL, 6, 1, 'admin', '2023-05-25 18:01:35', 'admin', '2023-05-25 18:01:35');
INSERT INTO `km_sys_dict_item` VALUES ('a2be752dd4ec980afaec1efd1fb589af', '8dfe32e2d29ea9430a988b3b558bf233', '已撤销', '2', '已撤销', 3, 1, 'admin', '2023-05-25 18:01:35', 'admin', '2023-05-25 18:01:35');
INSERT INTO `km_sys_dict_item` VALUES ('aa0d8a8042a18715a17f0a888d360aa4', 'ac2f7c0c5c5775fcea7e2387bcb22f01', '一级菜单', '0', NULL, NULL, 1, 'admin', '2023-05-25 18:01:35', 'admin', '2023-05-25 18:01:35');
INSERT INTO `km_sys_dict_item` VALUES ('adcf2a1fe93bb99a84833043f475fe0b', '4e4602b3e3686f0911384e188dc7efb4', '包含', 'IN', '包含', 8, 1, 'admin', '2023-05-25 18:01:35', 'admin', '2023-05-25 18:01:35');
INSERT INTO `km_sys_dict_item` VALUES ('b029a41a851465332ee4ee69dcf0a4c2', '0b5d19e1fce4b2e6647e6b4a17760c14', '系统消息', '2', NULL, 1, 1, 'admin', '2023-05-25 18:01:35', 'admin', '2023-05-25 18:01:35');
INSERT INTO `km_sys_dict_item` VALUES ('b2a8b4bb2c8e66c2c4b1bb086337f393', '3486f32803bb953e7155dab3513dc68b', '正常', '0', NULL, NULL, 1, 'admin', '2023-05-25 18:01:35', 'admin', '2023-05-25 18:01:35');
INSERT INTO `km_sys_dict_item` VALUES ('b57f98b88363188daf38d42f25991956', '6b78e3f59faec1a4750acff08030a79b', '22', '222', NULL, NULL, 0, 'admin', '2023-05-25 18:01:35', 'admin', '2023-05-25 18:01:35');
INSERT INTO `km_sys_dict_item` VALUES ('b5f3bd5f66bb9a83fecd89228c0d93d1', '68168534ff5065a152bfab275c2136f8', '无效', '0', '无效', 1, 1, 'admin', '2023-05-25 18:01:35', 'admin', '2023-05-25 18:01:35');
INSERT INTO `km_sys_dict_item` VALUES ('b9fbe2a3602d4a27b45c100ac5328484', '78bda155fe380b1b3f175f1e88c284c6', '待提交', '1', '待提交', 1, 1, 'admin', '2023-05-25 18:01:35', 'admin', '2023-05-25 18:01:35');
INSERT INTO `km_sys_dict_item` VALUES ('ba27737829c6e0e582e334832703d75e', '236e8a4baff0db8c62c00dd95632834f', '同步', '1', '同步', 1, 1, 'admin', '2023-05-25 18:01:35', 'admin', '2023-05-25 18:01:35');
INSERT INTO `km_sys_dict_item` VALUES ('bcec04526b04307e24a005d6dcd27fd6', '880a895c98afeca9d9ac39f29e67c13e', '导入', '5', NULL, 5, 1, 'admin', '2023-05-25 18:01:35', 'admin', '2023-05-25 18:01:35');
INSERT INTO `km_sys_dict_item` VALUES ('c53da022b9912e0aed691bbec3c78473', '880a895c98afeca9d9ac39f29e67c13e', '查询', '1', NULL, 1, 1, 'admin', '2023-05-25 18:01:35', 'admin', '2023-05-25 18:01:35');
INSERT INTO `km_sys_dict_item` VALUES ('c5700a71ad08994d18ad1dacc37a71a9', 'a7adbcd86c37f7dbc9b66945c82ef9e6', '否', '0', NULL, 1, 1, 'admin', '2023-05-25 18:01:35', 'admin', '2023-05-25 18:01:35');
INSERT INTO `km_sys_dict_item` VALUES ('cbfcc5b88fc3a90975df23ffc8cbe29c', 'c5a14c75172783d72cbee6ee7f5df5d1', '曲线图', 'line', NULL, 2, 1, 'admin', '2023-05-25 18:01:35', 'admin', '2023-05-25 18:01:35');
INSERT INTO `km_sys_dict_item` VALUES ('d217592908ea3e00ff986ce97f24fb98', 'c5a14c75172783d72cbee6ee7f5df5d1', '数据列表', 'table', NULL, 4, 1, 'admin', '2023-05-25 18:01:35', 'admin', '2023-05-25 18:01:35');
INSERT INTO `km_sys_dict_item` VALUES ('df168368dcef46cade2aadd80100d8aa', '3d9a351be3436fbefb1307d4cfb49bf2', '男', '1', NULL, 1, 1, 'admin', '2023-05-25 18:01:35', 'admin', '2023-05-25 18:01:35');
INSERT INTO `km_sys_dict_item` VALUES ('e6329e3a66a003819e2eb830b0ca2ea0', '4e4602b3e3686f0911384e188dc7efb4', '小于', '<', '小于', 2, 1, 'admin', '2023-05-25 18:01:35', 'admin', '2023-05-25 18:01:35');
INSERT INTO `km_sys_dict_item` VALUES ('e94eb7af89f1dbfa0d823580a7a6e66a', '236e8a4baff0db8c62c00dd95632834f', '不同步', '0', '不同步', 2, 1, 'admin', '2023-05-25 18:01:35', 'admin', '2023-05-25 18:01:35');
INSERT INTO `km_sys_dict_item` VALUES ('f0162f4cc572c9273f3e26b2b4d8c082', 'ad7c65ba97c20a6805d5dcdf13cdaf36', 'booostrap', '1', NULL, 1, 1, 'admin', '2023-05-25 18:01:35', 'admin', '2023-05-25 18:01:35');

-- ----------------------------
-- Records of km_sys_fill_rule
-- ----------------------------
INSERT INTO `km_sys_fill_rule` VALUES ('1202551334738382850', '机构编码生成', 'org_num_role', 'org.jeecg.modules.system.rule.OrgCodeRule', '{\"parentId\":\"f79b7d5a99b1442c876858a6961cb1fb\"}', 'admin', '2023-05-25 10:37:06', 'admin', '2023-05-25 10:37:06');
INSERT INTO `km_sys_fill_rule` VALUES ('1202787623203065858', '分类字典编码生成', 'category_code_rule', 'org.jeecg.modules.system.rule.CategoryCodeRule', '{\"pid\":\"\"}', 'admin', '2023-05-25 10:37:06', 'admin', '2023-05-25 10:37:06');
INSERT INTO `km_sys_fill_rule` VALUES ('1260134137920090113', '订单流水号', 'shop_order_num', 'org.jeecg.modules.online.cgform.rule.OrderNumberRule', '{}', 'admin', '2023-05-25 10:37:06', 'admin', '2023-05-25 10:37:06');

-- ----------------------------
-- Records of km_sys_permission
-- ----------------------------
INSERT INTO `km_sys_permission` VALUES ('9502685863ab87f0ad1134142788a385', '', '首页', '/dashboard/analysis', 'dashboard/Analysis', NULL, NULL, 0, NULL, NULL, 0.00, 0, 'home', 1, 1, 0, 0, NULL, 'admin', '2023-05-25 10:37:06', 'admin', '2023-05-25 10:37:06', 0, 0, NULL, 0);
INSERT INTO `km_sys_permission` VALUES ('97c8629abc7848eccdb6d77c24bb3ebb', '700b7f95165c46cc7a78bf227aa8fed3', '磁盘监控', '/monitor/Disk', 'modules/monitor/DiskMonitoring', NULL, NULL, 1, NULL, NULL, 6.00, 0, NULL, 1, 1, NULL, 0, NULL, 'admin', '2023-05-25 10:37:06', 'admin', '2023-05-25 10:37:06', 0, 0, NULL, NULL);
INSERT INTO `km_sys_permission` VALUES ('9cb91b8851db0cf7b19d7ecc2a8193dd', '1939e035e803a99ceecb6f5563570fb2', '我的任务', '/modules/bpm/task/form/FormModule', 'modules/bpm/task/form/FormModule', NULL, NULL, 1, NULL, NULL, 1.00, 0, NULL, 1, 1, NULL, 0, NULL, 'admin', '2023-05-25 10:37:06', 'admin', '2023-05-25 10:37:06', 0, 0, NULL, NULL);
INSERT INTO `km_sys_permission` VALUES ('b1cb0a3fedf7ed0e4653cb5a229837ee', '08e6b9dc3c04489c8e1ff2ce6f105aa4', '定时任务', '/isystem/QuartzJobList', 'system/QuartzJobList', NULL, NULL, 1, NULL, NULL, 1.00, 0, NULL, 1, 1, 0, 0, NULL, 'admin', '2023-05-25 10:37:06', 'admin', '2023-05-25 10:37:06', 0, 0, NULL, 0);
INSERT INTO `km_sys_permission` VALUES ('b6bcee2ccc854052d3cc3e9c96d90197', '71102b3b87fb07e5527bbd2c530dd90a', '加班申请', '/modules/extbpm/joa/JoaOvertimeList', 'modules/extbpm/joa/JoaOvertimeList', NULL, NULL, 1, NULL, NULL, 1.00, 0, NULL, 1, 1, NULL, 0, NULL, 'admin', '2023-05-25 10:37:06', 'admin', '2023-05-25 10:37:06', 0, 0, NULL, NULL);
INSERT INTO `km_sys_permission` VALUES ('d07a2c87a451434c99ab06296727ec4f', '700b7f95165c46cc7a78bf227aa8fed3', 'JVM信息', '/monitor/JvmInfo', 'modules/monitor/JvmInfo', NULL, NULL, 1, NULL, NULL, 4.00, 0, NULL, 1, 1, NULL, 0, NULL, 'admin', '2023-05-25 10:37:06', 'admin', '2023-05-25 10:37:06', 0, 0, NULL, NULL);
INSERT INTO `km_sys_permission` VALUES ('d7d6e2e4e2934f2c9385a623fd98c6f3', NULL, '系统管理', '/isystem', 'layouts/RouteView', NULL, NULL, 0, NULL, NULL, 7.00, 0, 'setting', 1, 0, 0, 0, NULL, 'admin', '2023-05-25 10:37:06', 'admin', '2023-05-25 10:37:06', 0, 0, NULL, 0);
INSERT INTO `km_sys_permission` VALUES ('e41b69c57a941a3bbcce45032fe57605', '', '在线开发', '/online', 'layouts/RouteView', NULL, NULL, 0, NULL, NULL, 6.00, 0, 'cloud', 1, 0, 0, 1, NULL, 'admin', '2023-05-25 10:37:06', 'admin', '2023-05-25 10:37:06', 0, 0, NULL, 0);
INSERT INTO `km_sys_permission` VALUES ('024f1fd1283dc632458976463d8984e1', '700b7f95165c46cc7a78bf227aa8fed3', 'Tomcat信息', '/monitor/TomcatInfo', 'modules/monitor/TomcatInfo', NULL, NULL, 1, NULL, NULL, 4.00, 0, NULL, 1, 1, NULL, 0, NULL, 'admin', '2023-05-25 10:37:06', 'admin', '2023-05-25 10:37:06', 0, 0, NULL, NULL);
INSERT INTO `km_sys_permission` VALUES ('08e6b9dc3c04489c8e1ff2ce6f105aa4', NULL, '系统监控', '/dashboard3', 'layouts/RouteView', NULL, NULL, 0, NULL, NULL, 6.00, 0, 'dashboard', 1, 0, 0, 1, NULL, 'admin', '2023-05-25 10:37:06', 'admin', '2023-05-25 10:37:06', 0, 0, NULL, 0);
INSERT INTO `km_sys_permission` VALUES ('109c78a583d4693ce2f16551b7786786', 'e41b69c57a941a3bbcce45032fe57605', 'Online报表配置', '/online/cgreport', 'modules/online/cgreport/OnlCgreportHeadList', NULL, NULL, 1, NULL, NULL, 2.00, 0, NULL, 1, 1, 0, 0, NULL, 'admin', '2023-05-25 10:37:06', 'admin', '2023-05-25 10:37:06', 0, 0, NULL, 0);
INSERT INTO `km_sys_permission` VALUES ('1415139394194399233', NULL, '文件管理', '/km/filemanagement', 'layouts/RouteView', NULL, NULL, 0, NULL, '1', 1.00, 0, 'folder', 1, 0, 0, 0, NULL, 'admin', '2023-05-25 10:37:06', 'admin', '2023-05-25 10:37:06', 0, 0, '1', 0);
INSERT INTO `km_sys_permission` VALUES ('1415145872468893697', '1415139394194399233', '知识管理', '/km/filemanagement/draftslist', 'km/filemanagement/DraftsList', NULL, NULL, 1, NULL, '1', 1.00, 0, NULL, 1, 0, 0, 0, NULL, 'admin', '2023-05-25 10:37:06', 'admin', '2023-05-25 10:37:06', 0, 0, '1', 0);
INSERT INTO `km_sys_permission` VALUES ('1415156984451063809', NULL, '配置管理', '/km/datasetting', 'layouts/RouteView', NULL, NULL, 0, NULL, '1', 2.00, 0, 'cluster', 1, 0, 0, 0, NULL, 'admin', '2023-05-25 10:37:06', 'admin', '2023-05-25 10:37:06', 0, 0, '1', 0);
INSERT INTO `km_sys_permission` VALUES ('1415277817119023106', '1415156984451063809', '文档属性', '/km/datasetting/dictlist', 'km/datasetting/DictList', NULL, NULL, 1, NULL, '1', NULL, 0, NULL, 1, 1, 0, 0, NULL, 'admin', '2023-05-25 10:37:06', 'admin', '2023-05-25 10:37:06', 0, 0, '1', 0);
INSERT INTO `km_sys_permission` VALUES ('1419574496959193090', '1415156984451063809', '系统参数', '/km/datasetting/KmSysConfigList', 'km/datasetting/KmSysConfigList', NULL, NULL, 1, NULL, '1', 3.00, 0, NULL, 1, 1, 0, 0, NULL, 'admin', '2023-05-25 10:37:06', 'admin', '2023-05-25 10:37:06', 0, 0, '1', 0);
INSERT INTO `km_sys_permission` VALUES ('1420569665158332418', NULL, '日志', '/layouts/RouteView', 'layouts/RouteView', NULL, NULL, 0, NULL, '1', 1.80, 0, 'diff', 1, 0, 0, 0, NULL, 'admin', '2023-05-25 10:37:06', 'admin', '2023-05-25 10:37:06', 0, 0, '1', 0);
INSERT INTO `km_sys_permission` VALUES ('1422846497589129218', '1415139394194399233', '文件统计', '/km/filemanagement/FileStatisticsList', 'km/filemanagement/FileStatisticsList', NULL, NULL, 1, NULL, '1', 4.00, 0, NULL, 1, 1, 0, 0, NULL, 'admin', '2023-05-25 10:37:06', 'admin', '2023-05-25 10:37:06', 0, 0, '1', 0);
INSERT INTO `km_sys_permission` VALUES ('190c2b43bec6a5f7a4194a85db67d96a', 'd7d6e2e4e2934f2c9385a623fd98c6f3', '角色管理', '/isystem/roleUserList', 'system/RoleUserList', NULL, NULL, 1, NULL, NULL, 1.20, 0, NULL, 1, 1, 0, 0, NULL, 'admin', '2023-05-25 10:37:06', 'admin', '2023-05-25 10:37:06', 0, 0, NULL, 0);
INSERT INTO `km_sys_permission` VALUES ('3f915b2769fc80648e92d04e84ca059d', 'd7d6e2e4e2934f2c9385a623fd98c6f3', '用户管理', '/isystem/user', 'system/UserList', NULL, NULL, 1, NULL, NULL, 1.10, 0, NULL, 1, 1, 0, 0, NULL, 'admin', '2023-05-25 10:37:06', 'admin', '2023-05-25 10:37:06', 0, 0, NULL, 0);
INSERT INTO `km_sys_permission` VALUES ('45c966826eeff4c99b8f8ebfe74511fc', 'd7d6e2e4e2934f2c9385a623fd98c6f3', '部门管理', '/isystem/depart', 'system/DepartList', NULL, NULL, 1, NULL, NULL, 1.40, 0, NULL, 1, 1, 0, 0, NULL, 'admin', '2023-05-25 10:37:06', 'admin', '2023-05-25 10:37:06', 0, 0, NULL, 0);
INSERT INTO `km_sys_permission` VALUES ('54dd5457a3190740005c1bfec55b1c34', 'd7d6e2e4e2934f2c9385a623fd98c6f3', '菜单管理', '/isystem/permission', 'system/PermissionList', NULL, NULL, 1, NULL, NULL, 1.30, 0, NULL, 1, 1, 0, 0, NULL, 'admin', '2023-05-25 10:37:06', 'admin', '2023-05-25 10:37:06', 0, 0, NULL, 0);
INSERT INTO `km_sys_permission` VALUES ('58857ff846e61794c69208e9d3a85466', '1420569665158332418', '系统日志', '/isystem/log', 'system/LogList', NULL, NULL, 1, NULL, NULL, 2.00, 0, NULL, 1, 1, 0, 0, NULL, 'admin', '2023-05-25 10:37:06', 'admin', '2023-05-25 10:37:06', 0, 0, NULL, 0);
INSERT INTO `km_sys_permission` VALUES ('700b7f95165c46cc7a78bf227aa8fed3', '08e6b9dc3c04489c8e1ff2ce6f105aa4', '性能监控', '/monitor', 'layouts/RouteView', NULL, NULL, 1, NULL, NULL, 3.00, 0, NULL, 1, 0, 0, 0, NULL, 'admin', '2023-05-25 10:37:06', 'admin', '2023-05-25 10:37:06', 0, 0, NULL, 0);
INSERT INTO `km_sys_permission` VALUES ('841057b8a1bef8f6b4b20f9a618a7fa6', '08e6b9dc3c04489c8e1ff2ce6f105aa4', '数据日志', '/sys/dataLog-list', 'system/DataLogList', NULL, NULL, 1, NULL, NULL, 2.10, 0, NULL, 1, 1, 0, 0, NULL, 'admin', '2023-05-25 10:37:06', 'admin', '2023-05-25 10:37:06', 0, 0, NULL, 0);
INSERT INTO `km_sys_permission` VALUES ('8b3bff2eee6f1939147f5c68292a1642', '700b7f95165c46cc7a78bf227aa8fed3', '服务器信息', '/monitor/SystemInfo', 'modules/monitor/SystemInfo', NULL, NULL, 1, NULL, NULL, 4.00, 0, NULL, 1, 1, NULL, 0, NULL, 'admin', '2023-05-25 10:37:06', 'admin', '2023-05-25 10:37:06', 0, 0, NULL, NULL);
INSERT INTO `km_sys_permission` VALUES ('8d1ebd663688965f1fd86a2f0ead3416', '700b7f95165c46cc7a78bf227aa8fed3', 'Redis监控', '/monitor/redis/info', 'modules/monitor/RedisInfo', NULL, NULL, 1, NULL, NULL, 1.00, 0, NULL, 1, 1, NULL, 0, NULL, 'admin', '2023-05-25 10:37:06', 'admin', '2023-05-25 10:37:06', 0, 0, NULL, NULL);
INSERT INTO `km_sys_permission` VALUES ('9fe26464838de2ea5e90f2367e35efa0', 'e41b69c57a941a3bbcce45032fe57605', 'AUTO在线报表', '/online/cgreport/:code', 'modules/online/cgreport/auto/OnlCgreportAutoList', 'onlineAutoList', NULL, 1, NULL, NULL, 9.00, 0, NULL, 1, 1, 0, 1, NULL, 'admin', '2023-05-25 10:37:06', 'admin', '2023-05-25 10:37:06', 0, 0, NULL, 0);
INSERT INTO `km_sys_permission` VALUES ('1453933027082489858', '1415139394194399233', '收藏夹', '/km/filemanagement/KmDocFavouriteList', 'km/filemanagement/KmDocFavouriteList', NULL, NULL, 1, NULL, '1', 0.00, 0, NULL, 1, 1, 0, 0, NULL, 'admin', '2023-05-25 10:37:06', 'admin', '2023-05-25 10:37:06', 0, NULL, '1', 0);
INSERT INTO `km_sys_permission` VALUES ('1456909004028821505', '1415139394194399233', '检索列表', '/km/search/DoSearch', 'km/search/DoSearch', NULL, NULL, 1, NULL, '1', 9.00, 0, NULL, 1, 0, 0, 1, NULL, 'admin', '2023-05-25 10:37:06', 'admin', '2023-05-25 10:37:06', 0, NULL, '1', 0);
INSERT INTO `km_sys_permission` VALUES ('1456909292378832898', '1456909004028821505', '批量下载', '/km/search/DoSearch', NULL, NULL, NULL, 2, 'searchList:batchDownload', '1', NULL, 0, NULL, 1, 1, 0, 0, NULL, 'admin', '2023-05-25 10:37:06', 'admin', '2023-05-25 10:37:06', 0, NULL, '1', 0);
INSERT INTO `km_sys_permission` VALUES ('fc810a2267dd183e4ef7c71cc60f4670', '700b7f95165c46cc7a78bf227aa8fed3', '请求追踪', '/monitor/HttpTrace', 'modules/monitor/HttpTrace', NULL, NULL, 1, NULL, NULL, 4.00, 0, NULL, 1, 1, NULL, 0, NULL, 'admin', '2023-05-25 10:37:06', 'admin', '2023-05-25 10:37:06', 0, 0, NULL, NULL);
INSERT INTO `km_sys_permission` VALUES ('1628220193299877890', '1415145872468893697', '编辑', '/KM/kmDoc/editDraft', NULL, NULL, NULL, 2, NULL, '1', NULL, 0, NULL, 1, 1, 0, 0, NULL, 'admin', '2023-05-25 10:37:06', 'admin', '2023-05-25 10:37:06', 0, NULL, '1', 0);

-- ----------------------------
-- Records of km_sys_permission_data_rule
-- ----------------------------
INSERT INTO `km_sys_permission_data_rule` VALUES ('40283181614231d401614234fe670003', '40283181614231d401614232cd1c0001', 'createBy', 'createBy', '=', '#{sys_user_code}', '1', '2023-05-25 21:57:04', 'admin', '2023-05-25 21:57:04', 'admin');
INSERT INTO `km_sys_permission_data_rule` VALUES ('4028318161424e730161424fca6f0004', '4028318161424e730161424f61510002', 'createBy', 'createBy', '=', '#{sys_user_code}', '1', '2023-05-25 21:57:04', 'admin', '2023-05-25 21:57:04', 'admin');
INSERT INTO `km_sys_permission_data_rule` VALUES ('402880e6487e661a01487e732c020005', '402889fb486e848101486e93a7c80014', 'SYS_ORG_CODE', 'SYS_ORG_CODE', 'LIKE', '010201%', '1', '2023-05-25 21:57:04', 'admin', '2023-05-25 21:57:04', 'admin');
INSERT INTO `km_sys_permission_data_rule` VALUES ('402880e6487e661a01487e8153ee0007', '402889fb486e848101486e93a7c80014', 'create_by', 'create_by', NULL, '#{SYS_USER_CODE}', '1', '2023-05-25 21:57:04', 'admin', '2023-05-25 21:57:04', 'admin');
INSERT INTO `km_sys_permission_data_rule` VALUES ('402880ec5ddec439015ddf9225060038', '40288088481d019401481d2fcebf000d', '复杂关系', NULL, 'USE_SQL_RULES', 'name like \'%张%\' or age > 10', '1', '2023-05-25 21:57:04', 'admin', '2023-05-25 21:57:04', 'admin');
INSERT INTO `km_sys_permission_data_rule` VALUES ('402880ec5ddfdd26015ddfe3e0570011', '4028ab775dca0d1b015dca3fccb60016', '复杂sql配置', NULL, 'USE_SQL_RULES', 'table_name like \'%test%\' or is_tree = \'Y\'', '1', '2023-05-25 21:57:04', 'admin', '2023-05-25 21:57:04', 'admin');
INSERT INTO `km_sys_permission_data_rule` VALUES ('402880f25b1e2ac7015b1e5fdebc0012', '402880f25b1e2ac7015b1e5cdc340010', '只能看自己数据', 'create_by', '=', '#{sys_user_code}', '1', '2023-05-25 21:57:04', 'admin', '2023-05-25 21:57:04', 'admin');
INSERT INTO `km_sys_permission_data_rule` VALUES ('402881875b19f141015b19f8125e0014', '40288088481d019401481d2fcebf000d', '可看下属业务数据', 'sys_org_code', 'LIKE', '#{sys_org_code}', '1', '2023-05-25 21:57:04', 'admin', '2023-05-25 21:57:04', 'admin');
INSERT INTO `km_sys_permission_data_rule` VALUES ('402881e45394d66901539500a4450001', '402881e54df73c73014df75ab670000f', 'sysCompanyCode', 'sysCompanyCode', '=', '#{SYS_COMPANY_CODE}', '1', '2023-05-25 21:57:04', 'admin', '2023-05-25 21:57:04', 'admin');
INSERT INTO `km_sys_permission_data_rule` VALUES ('402881e45394d6690153950177cb0003', '402881e54df73c73014df75ab670000f', 'sysOrgCode', 'sysOrgCode', '=', '#{SYS_ORG_CODE}', '1', '2023-05-25 21:57:04', 'admin', '2023-05-25 21:57:04', 'admin');
INSERT INTO `km_sys_permission_data_rule` VALUES ('402881e56266f43101626727aff60067', '402881e56266f43101626724eb730065', '销售自己看自己的数据', 'createBy', '=', '#{sys_user_code}', '1', '2023-05-25 21:57:04', 'admin', '2023-05-25 21:57:04', 'admin');
INSERT INTO `km_sys_permission_data_rule` VALUES ('402881e56266f4310162672fb1a70082', '402881e56266f43101626724eb730065', '销售经理看所有下级数据', 'sysOrgCode', 'LIKE', '#{sys_org_code}', '1', '2023-05-25 21:57:04', 'admin', '2023-05-25 21:57:04', 'admin');
INSERT INTO `km_sys_permission_data_rule` VALUES ('402881e56266f431016267387c9f0088', '402881e56266f43101626724eb730065', '只看金额大于1000的数据', 'money', '>=', '1000', '1', '2023-05-25 21:57:04', 'admin', '2023-05-25 21:57:04', 'admin');
INSERT INTO `km_sys_permission_data_rule` VALUES ('402881f3650de25101650dfb5a3a0010', '402881e56266f4310162671d62050044', '22', NULL, 'USE_SQL_RULES', '22', '1', '2023-05-25 21:57:04', 'admin', '2023-05-25 21:57:04', 'admin');
INSERT INTO `km_sys_permission_data_rule` VALUES ('402889fb486e848101486e913cd6000b', '402889fb486e848101486e8e2e8b0007', 'userName', 'userName', '=', 'admin', '1', '2023-05-25 21:57:04', 'admin', '2023-05-25 21:57:04', 'admin');
INSERT INTO `km_sys_permission_data_rule` VALUES ('402889fb486e848101486e98d20d0016', '402889fb486e848101486e93a7c80014', 'title', 'title', '=', '12', '1', '2023-05-25 21:57:04', 'admin', '2023-05-25 21:57:04', 'admin');
INSERT INTO `km_sys_permission_data_rule` VALUES ('402889fe47fcb29c0147fcb6b6220001', '8a8ab0b246dc81120146dc8180fe002b', '12', '12', '>', '12', '1', '2023-05-25 21:57:04', 'admin', '2023-05-25 21:57:04', 'admin');
INSERT INTO `km_sys_permission_data_rule` VALUES ('4028ab775dca0d1b015dca4183530018', '4028ab775dca0d1b015dca3fccb60016', '表名限制', 'isDbSynch', '=', 'Y', '1', '2023-05-25 21:57:04', 'admin', '2023-05-25 21:57:04', 'admin');
INSERT INTO `km_sys_permission_data_rule` VALUES ('4028ef815595a881015595b0ccb60001', '40288088481d019401481d2fcebf000d', '限只能看自己', 'create_by', '=', '#{sys_user_code}', '1', '2023-05-25 21:57:04', 'admin', '2023-05-25 21:57:04', 'admin');
INSERT INTO `km_sys_permission_data_rule` VALUES ('4028ef81574ae99701574aed26530005', '4028ef81574ae99701574aeb97bd0003', '用户名', 'userName', '!=', 'admin', '1', '2023-05-25 21:57:04', 'admin', '2023-05-25 21:57:04', 'admin');
INSERT INTO `km_sys_permission_data_rule` VALUES ('f852d85d47f224990147f2284c0c0005', NULL, '小于', 'test', '<=', '11', '1', '2023-05-25 21:57:04', 'admin', '2023-05-25 21:57:04', 'admin');

-- ----------------------------
-- Records of km_sys_position
-- ----------------------------
INSERT INTO `km_sys_position` VALUES ('1185040064792571906', 'devleader', '研发部经理', '2', NULL, 'admin', '2023-05-02 15:28:00', 'admin', '2023-05-02 15:28:00', 'A01');
INSERT INTO `km_sys_position` VALUES ('1256485574212153345', '总经理', 'laozong', '5', NULL, 'admin', '2023-05-02 15:28:00', 'admin', '2023-05-02 15:28:00', '北京国炬公司');

-- ----------------------------
-- Records of km_sys_quartz_job
-- ----------------------------
INSERT INTO `km_sys_quartz_job` VALUES ('df26ecacf0f75d219d746750fe84bbee', NULL, NULL, 0, 'admin', '2020-05-02 15:40:35', 'org.jeecg.modules.quartz.job.SampleParamJob', '0/1 * * * * ?', 'scott', '带参测试 后台将每隔1秒执行输出日志', -1);
INSERT INTO `km_sys_quartz_job` VALUES ('a253cdfc811d69fa0efc70d052bc8128', 'admin', '2019-03-30 12:44:48', 0, 'admin', '2020-05-02 15:48:49', 'org.jeecg.modules.quartz.job.SampleJob', '0/1 * * * * ?', NULL, NULL, -1);
INSERT INTO `km_sys_quartz_job` VALUES ('5b3d2c087ad41aa755fc4f89697b01e7', 'admin', '2019-04-11 19:04:21', 0, 'admin', '2020-05-02 15:48:48', 'org.jeecg.modules.message.job.SendMsgJob', '0/50 * * * * ? *', NULL, NULL, -1);

-- ----------------------------
-- Records of km_sys_role
-- ----------------------------
INSERT INTO `km_sys_role` VALUES ('f6817f48af4fb3af11b9e8bf182f618b', '管理员', 'admin', '管理员', 'admin', '2023-02-07 15:08:07', 'admin', '2023-02-07 15:08:07');
INSERT INTO `km_sys_role` VALUES ('1622854702229377025', 'APP角色', 'appRole', 'APP用户', 'admin', '2023-02-07 15:08:07', 'admin', '2023-02-07 15:08:07');
INSERT INTO `km_sys_role` VALUES ('1662133772733059074', 'pc端角色', 'pcRole', NULL, 'admin', '2023-05-27 00:29:07', NULL, NULL);

-- ----------------------------
-- Records of km_sys_role_permission
-- ----------------------------
INSERT INTO `km_sys_role_permission` VALUES ('1e47db875601fd97723254046b5bba90', 'f6817f48af4fb3af11b9e8bf182f618b', 'baf16b7174bd821b6bab23fa9abb200d', NULL, NULL, NULL);
INSERT INTO `km_sys_role_permission` VALUES ('2779cdea8367fff37db26a42c1a1f531', 'f6817f48af4fb3af11b9e8bf182f618b', 'fef097f3903caf3a3c3a6efa8de43fbb', NULL, NULL, NULL);
INSERT INTO `km_sys_role_permission` VALUES ('3de2a60c7e42a521fecf6fcc5cb54978', 'f6817f48af4fb3af11b9e8bf182f618b', '2d83d62bd2544b8994c8f38cf17b0ddf', NULL, NULL, NULL);
INSERT INTO `km_sys_role_permission` VALUES ('6daddafacd7eccb91309530c17c5855d', 'f6817f48af4fb3af11b9e8bf182f618b', 'edfa74d66e8ea63ea432c2910837b150', NULL, NULL, NULL);
INSERT INTO `km_sys_role_permission` VALUES ('7413acf23b56c906aedb5a36fb75bd3a', 'f6817f48af4fb3af11b9e8bf182f618b', 'a4fc7b64b01a224da066bb16230f9c5a', NULL, NULL, NULL);
INSERT INTO `km_sys_role_permission` VALUES ('4204f91fb61911ba8ce40afa7c02369f', 'f6817f48af4fb3af11b9e8bf182f618b', '3f915b2769fc80648e92d04e84ca059d', NULL, NULL, NULL);
INSERT INTO `km_sys_role_permission` VALUES ('4dab5a06acc8ef3297889872caa74747', 'f6817f48af4fb3af11b9e8bf182f618b', 'ffb423d25cc59dcd0532213c4a518261', NULL, NULL, NULL);
INSERT INTO `km_sys_role_permission` VALUES ('4f254549d9498f06f4cc9b23f3e2c070', 'f6817f48af4fb3af11b9e8bf182f618b', '93d5cfb4448f11e9916698e7f462b4b6', NULL, NULL, NULL);
INSERT INTO `km_sys_role_permission` VALUES ('504e326de3f03562cdd186748b48a8c7', 'f6817f48af4fb3af11b9e8bf182f618b', '027aee69baee98a0ed2e01806e89c891', NULL, NULL, NULL);
INSERT INTO `km_sys_role_permission` VALUES ('5de6871fadb4fe1cdd28989da0126b07', 'f6817f48af4fb3af11b9e8bf182f618b', 'a400e4f4d54f79bf5ce160a3432231af', NULL, NULL, NULL);
INSERT INTO `km_sys_role_permission` VALUES ('1209423580355481602', 'f6817f48af4fb3af11b9e8bf182f618b', '190c2b43bec6a5f7a4194a85db67d96a', NULL, NULL, NULL);
INSERT INTO `km_sys_role_permission` VALUES ('1269526122208522241', 'f6817f48af4fb3af11b9e8bf182f618b', '1267412134208319489', NULL, NULL, NULL);
INSERT INTO `km_sys_role_permission` VALUES ('1415139448871346178', 'f6817f48af4fb3af11b9e8bf182f618b', '1415139394194399233', NULL, '2021-07-13 21:41:51', '0:0:0:0:0:0:0:1');
INSERT INTO `km_sys_role_permission` VALUES ('1415145981671792642', 'f6817f48af4fb3af11b9e8bf182f618b', '1415145872468893697', NULL, '2021-07-13 22:07:49', '0:0:0:0:0:0:0:1');
INSERT INTO `km_sys_role_permission` VALUES ('1415157254522298370', 'f6817f48af4fb3af11b9e8bf182f618b', '1415156984451063809', NULL, '2021-07-13 22:52:36', '0:0:0:0:0:0:0:1');
INSERT INTO `km_sys_role_permission` VALUES ('1415277853504610305', 'f6817f48af4fb3af11b9e8bf182f618b', '1415277817119023106', NULL, '2021-07-14 06:51:50', '0:0:0:0:0:0:0:1');
INSERT INTO `km_sys_role_permission` VALUES ('1419574538910621698', 'f6817f48af4fb3af11b9e8bf182f618b', '1419574496959193090', NULL, '2021-07-26 03:25:19', '192.168.0.103');
INSERT INTO `km_sys_role_permission` VALUES ('1420570298724728833', 'f6817f48af4fb3af11b9e8bf182f618b', '1420569665158332418', NULL, '2021-07-29 10:22:07', '0:0:0:0:0:0:0:1');
INSERT INTO `km_sys_role_permission` VALUES ('1422846634373771266', 'f6817f48af4fb3af11b9e8bf182f618b', '1422846497589129218', NULL, '2021-08-04 17:07:27', '192.168.0.104');
INSERT INTO `km_sys_role_permission` VALUES ('cf1feb1bf69eafc982295ad6c9c8d698', 'f6817f48af4fb3af11b9e8bf182f618b', 'a2b11669e98c5fe54a53c3e3c4f35d14', NULL, NULL, NULL);
INSERT INTO `km_sys_role_permission` VALUES ('d37ad568e26f46ed0feca227aa9c2ffa', 'f6817f48af4fb3af11b9e8bf182f618b', '9502685863ab87f0ad1134142788a385', NULL, NULL, NULL);
INSERT INTO `km_sys_role_permission` VALUES ('dbc5dd836d45c5bc7bc94b22596ab956', 'f6817f48af4fb3af11b9e8bf182f618b', '1939e035e803a99ceecb6f5563570fb2', NULL, NULL, NULL);
INSERT INTO `km_sys_role_permission` VALUES ('dc83bb13c0e8c930e79d28b2db26f01f', 'f6817f48af4fb3af11b9e8bf182f618b', '63b551e81c5956d5c861593d366d8c57', NULL, NULL, NULL);
INSERT INTO `km_sys_role_permission` VALUES ('dc8fd3f79bd85bd832608b42167a1c71', 'f6817f48af4fb3af11b9e8bf182f618b', '91c23960fab49335831cf43d820b0a61', NULL, NULL, NULL);
INSERT INTO `km_sys_role_permission` VALUES ('de82e89b8b60a3ea99be5348f565c240', 'f6817f48af4fb3af11b9e8bf182f618b', '56ca78fe0f22d815fabc793461af67b8', NULL, NULL, NULL);
INSERT INTO `km_sys_role_permission` VALUES ('ec846a3f85fdb6813e515be71f11b331', 'f6817f48af4fb3af11b9e8bf182f618b', '732d48f8e0abe99fe6a23d18a3171cd1', NULL, NULL, NULL);
INSERT INTO `km_sys_role_permission` VALUES ('ecdd72fe694e6bba9c1d9fc925ee79de', 'f6817f48af4fb3af11b9e8bf182f618b', '45c966826eeff4c99b8f8ebfe74511fc', NULL, NULL, NULL);
INSERT INTO `km_sys_role_permission` VALUES ('f177acac0276329dc66af0c9ad30558a', 'f6817f48af4fb3af11b9e8bf182f618b', 'c2c356bf4ddd29975347a7047a062440', NULL, NULL, NULL);
INSERT INTO `km_sys_role_permission` VALUES ('fafe73c4448b977fe42880a6750c3ee8', 'f6817f48af4fb3af11b9e8bf182f618b', '9cb91b8851db0cf7b19d7ecc2a8193dd', NULL, NULL, NULL);
INSERT INTO `km_sys_role_permission` VALUES ('1453933071680524290', 'f6817f48af4fb3af11b9e8bf182f618b', '1453933027082489858', NULL, '2021-10-29 11:53:51', '192.168.0.102');
INSERT INTO `km_sys_role_permission` VALUES ('84eac2f113c23737128fb099d1d1da89', 'f6817f48af4fb3af11b9e8bf182f618b', '03dc3d93261dda19fc86dd7ca486c6cf', NULL, NULL, NULL);
INSERT INTO `km_sys_role_permission` VALUES ('86060e2867a5049d8a80d9fe5d8bc28b', 'f6817f48af4fb3af11b9e8bf182f618b', '765dd244f37b804e3d00f475fd56149b', NULL, NULL, NULL);
INSERT INTO `km_sys_role_permission` VALUES ('1458355149641641985', 'f6817f48af4fb3af11b9e8bf182f618b', '1456909292378832898', NULL, '2021-11-10 16:45:37', '116.23.216.197');
INSERT INTO `km_sys_role_permission` VALUES ('980171fda43adfe24840959b1d048d4d', 'f6817f48af4fb3af11b9e8bf182f618b', 'd7d6e2e4e2934f2c9385a623fd98c6f3', NULL, NULL, NULL);
INSERT INTO `km_sys_role_permission` VALUES ('a034ed7c38c996b880d3e78f586fe0ae', 'f6817f48af4fb3af11b9e8bf182f618b', 'c89018ea6286e852b424466fd92a2ffc', NULL, NULL, NULL);
INSERT INTO `km_sys_role_permission` VALUES ('acacce4417e5d7f96a9c3be2ded5b4be', 'f6817f48af4fb3af11b9e8bf182f618b', 'f9d3f4f27653a71c52faa9fb8070fbe7', NULL, NULL, NULL);
INSERT INTO `km_sys_role_permission` VALUES ('af60ac8fafd807ed6b6b354613b9ccbc', 'f6817f48af4fb3af11b9e8bf182f618b', '58857ff846e61794c69208e9d3a85466', NULL, NULL, NULL);
INSERT INTO `km_sys_role_permission` VALUES ('bea2986432079d89203da888d99b3f16', 'f6817f48af4fb3af11b9e8bf182f618b', '54dd5457a3190740005c1bfec55b1c34', NULL, NULL, NULL);
INSERT INTO `km_sys_role_permission` VALUES ('1479012049120796674', 'f6817f48af4fb3af11b9e8bf182f618b', '1456909004028821505', NULL, '2022-01-06 16:48:46', '0:0:0:0:0:0:0:1');
INSERT INTO `km_sys_role_permission` VALUES ('1620669097634492418', 'f6817f48af4fb3af11b9e8bf182f618b', 'e41b69c57a941a3bbcce45032fe57605', NULL, '2023-02-01 14:23:18', '172.19.5.159');
INSERT INTO `km_sys_role_permission` VALUES ('1620669097701601281', 'f6817f48af4fb3af11b9e8bf182f618b', '109c78a583d4693ce2f16551b7786786', NULL, '2023-02-01 14:23:18', '172.19.5.159');
INSERT INTO `km_sys_role_permission` VALUES ('1620669097701601282', 'f6817f48af4fb3af11b9e8bf182f618b', '9fe26464838de2ea5e90f2367e35efa0', NULL, '2023-02-01 14:23:18', '172.19.5.159');
INSERT INTO `km_sys_role_permission` VALUES ('1620669097701601283', 'f6817f48af4fb3af11b9e8bf182f618b', '08e6b9dc3c04489c8e1ff2ce6f105aa4', NULL, '2023-02-01 14:23:18', '172.19.5.159');
INSERT INTO `km_sys_role_permission` VALUES ('1620669097701601284', 'f6817f48af4fb3af11b9e8bf182f618b', 'b1cb0a3fedf7ed0e4653cb5a229837ee', NULL, '2023-02-01 14:23:18', '172.19.5.159');
INSERT INTO `km_sys_role_permission` VALUES ('1620669097701601285', 'f6817f48af4fb3af11b9e8bf182f618b', '841057b8a1bef8f6b4b20f9a618a7fa6', NULL, '2023-02-01 14:23:18', '172.19.5.159');
INSERT INTO `km_sys_role_permission` VALUES ('1620669097701601286', 'f6817f48af4fb3af11b9e8bf182f618b', '700b7f95165c46cc7a78bf227aa8fed3', NULL, '2023-02-01 14:23:18', '172.19.5.159');
INSERT INTO `km_sys_role_permission` VALUES ('1620669097701601287', 'f6817f48af4fb3af11b9e8bf182f618b', '8d1ebd663688965f1fd86a2f0ead3416', NULL, '2023-02-01 14:23:18', '172.19.5.159');
INSERT INTO `km_sys_role_permission` VALUES ('1620669097701601288', 'f6817f48af4fb3af11b9e8bf182f618b', 'd07a2c87a451434c99ab06296727ec4f', NULL, '2023-02-01 14:23:18', '172.19.5.159');
INSERT INTO `km_sys_role_permission` VALUES ('1620669097701601289', 'f6817f48af4fb3af11b9e8bf182f618b', '024f1fd1283dc632458976463d8984e1', NULL, '2023-02-01 14:23:18', '172.19.5.159');
INSERT INTO `km_sys_role_permission` VALUES ('1620669097701601290', 'f6817f48af4fb3af11b9e8bf182f618b', '8b3bff2eee6f1939147f5c68292a1642', NULL, '2023-02-01 14:23:18', '172.19.5.159');
INSERT INTO `km_sys_role_permission` VALUES ('1620669097701601291', 'f6817f48af4fb3af11b9e8bf182f618b', 'fc810a2267dd183e4ef7c71cc60f4670', NULL, '2023-02-01 14:23:18', '172.19.5.159');
INSERT INTO `km_sys_role_permission` VALUES ('1620669097701601292', 'f6817f48af4fb3af11b9e8bf182f618b', '97c8629abc7848eccdb6d77c24bb3ebb', NULL, '2023-02-01 14:23:18', '172.19.5.159');
INSERT INTO `km_sys_role_permission` VALUES ('1622854840414916610', '1622854702229377025', '9502685863ab87f0ad1134142788a385', NULL, '2023-02-07 15:08:40', '172.19.5.159');
INSERT INTO `km_sys_role_permission` VALUES ('1641004972146761730', '1622854702229377025', '1415139394194399233', NULL, '2023-03-29 17:10:48', '172.19.5.159');
INSERT INTO `km_sys_role_permission` VALUES ('1641004972209676290', '1622854702229377025', '1453933027082489858', NULL, '2023-03-29 17:10:48', '172.19.5.159');
INSERT INTO `km_sys_role_permission` VALUES ('1641004972209676291', '1622854702229377025', '1415145872468893697', NULL, '2023-03-29 17:10:48', '172.19.5.159');
INSERT INTO `km_sys_role_permission` VALUES ('1641004972209676292', '1622854702229377025', '1628220193299877890', NULL, '2023-03-29 17:10:48', '172.19.5.159');
INSERT INTO `km_sys_role_permission` VALUES ('1641004972209676293', '1622854702229377025', '1422846497589129218', NULL, '2023-03-29 17:10:48', '172.19.5.159');
INSERT INTO `km_sys_role_permission` VALUES ('1641004972209676294', '1622854702229377025', '1456909004028821505', NULL, '2023-03-29 17:10:48', '172.19.5.159');
INSERT INTO `km_sys_role_permission` VALUES ('1641004972209676295', '1622854702229377025', '1456909292378832898', NULL, '2023-03-29 17:10:48', '172.19.5.159');
INSERT INTO `km_sys_role_permission` VALUES ('1641007319317028865', 'f6817f48af4fb3af11b9e8bf182f618b', '1628220193299877890', NULL, '2023-03-29 17:20:08', '172.19.5.159');
INSERT INTO `km_sys_role_permission` VALUES ('1662134041168515073', '1662133772733059074', '9502685863ab87f0ad1134142788a385', NULL, '2023-05-27 00:30:11', '127.0.0.1');
INSERT INTO `km_sys_role_permission` VALUES ('1662134041168515074', '1662133772733059074', '1415139394194399233', NULL, '2023-05-27 00:30:11', '127.0.0.1');
INSERT INTO `km_sys_role_permission` VALUES ('1662134041168515075', '1662133772733059074', '1453933027082489858', NULL, '2023-05-27 00:30:11', '127.0.0.1');
INSERT INTO `km_sys_role_permission` VALUES ('1662134041168515076', '1662133772733059074', '1415145872468893697', NULL, '2023-05-27 00:30:11', '127.0.0.1');
INSERT INTO `km_sys_role_permission` VALUES ('1662134041168515077', '1662133772733059074', '1628220193299877890', NULL, '2023-05-27 00:30:11', '127.0.0.1');
INSERT INTO `km_sys_role_permission` VALUES ('1662134041168515078', '1662133772733059074', '1422846497589129218', NULL, '2023-05-27 00:30:11', '127.0.0.1');
INSERT INTO `km_sys_role_permission` VALUES ('1662134041168515079', '1662133772733059074', '1456909004028821505', NULL, '2023-05-27 00:30:11', '127.0.0.1');
INSERT INTO `km_sys_role_permission` VALUES ('1662134041168515080', '1662133772733059074', '1456909292378832898', NULL, '2023-05-27 00:30:11', '127.0.0.1');
INSERT INTO `km_sys_role_permission` VALUES ('1662134041168515081', '1662133772733059074', '1420569665158332418', NULL, '2023-05-27 00:30:11', '127.0.0.1');
INSERT INTO `km_sys_role_permission` VALUES ('1662134041168515082', '1662133772733059074', '58857ff846e61794c69208e9d3a85466', NULL, '2023-05-27 00:30:11', '127.0.0.1');
INSERT INTO `km_sys_role_permission` VALUES ('1662134041168515083', '1662133772733059074', '1415156984451063809', NULL, '2023-05-27 00:30:11', '127.0.0.1');
INSERT INTO `km_sys_role_permission` VALUES ('1662134041168515084', '1662133772733059074', '1419574496959193090', NULL, '2023-05-27 00:30:11', '127.0.0.1');
INSERT INTO `km_sys_role_permission` VALUES ('1662134041168515085', '1662133772733059074', '1415277817119023106', NULL, '2023-05-27 00:30:11', '127.0.0.1');

-- ----------------------------
-- Records of km_sys_tenant
-- ----------------------------
INSERT INTO `km_sys_tenant` VALUES (1, '北京租户001', '2020-07-10 15:43:32', 'admin', NULL, NULL, 1);

-- ----------------------------
-- Records of km_sys_user
-- ----------------------------
INSERT INTO `km_sys_user` VALUES ('e9ca23d68d884d4ebb19d07889727dae', 'admin', '管理员', '88e4d690ed556436', 'RCGTeGiH', '', '2023-12-05 00:00:00', 1, 'admin@daokang.cn', '18611111111', '00', 1, 0, NULL, NULL, 1, '00001', '总经理', NULL, 'admin', '2023-02-07 15:17:09', 'admin', '2023-05-26 23:41:11', 2, 'f79b7d5a99b1442c876858a6961cb1fb', NULL, NULL);
INSERT INTO `km_sys_user` VALUES ('1622856976611692546', 'appUser', '知识库用户', '5dafc6e11ba7e86a', 'prrPyK1E', NULL, NULL, NULL, NULL, NULL, '00', 1, 0, NULL, NULL, 1, NULL, NULL, NULL, 'admin', '2023-02-07 15:17:09', 'admin', '2023-02-07 15:17:09', 1, '', NULL, NULL);
INSERT INTO `km_sys_user` VALUES ('1640982576425648130', 'pcUser', '知识库管理员', '551db1f681295de2', 't7G1y5Ir', NULL, NULL, NULL, NULL, NULL, '00', 1, 0, NULL, NULL, 1, NULL, NULL, NULL, 'admin', '2023-03-29 15:41:49', 'admin', '2023-05-27 00:31:13', 1, '', NULL, NULL);

-- ----------------------------
-- Records of km_sys_user_depart
-- ----------------------------
INSERT INTO `km_sys_user_depart` VALUES ('1620677651426717699', 'e9ca23d68d884d4ebb19d07889727dae', 'f79b7d5a99b1442c876858a6961cb1fb');
INSERT INTO `km_sys_user_depart` VALUES ('1645800290374033410', '1622856976611692546', 'f79b7d5a99b1442c876858a6961cb1fb');
INSERT INTO `km_sys_user_depart` VALUES ('1662134299453755393', '1640982576425648130', 'f79b7d5a99b1442c876858a6961cb1fb');

-- ----------------------------
-- Records of km_sys_user_role
-- ----------------------------
INSERT INTO `km_sys_user_role` VALUES ('1620677651426717698', 'e9ca23d68d884d4ebb19d07889727dae', 'f6817f48af4fb3af11b9e8bf182f618b');
INSERT INTO `km_sys_user_role` VALUES ('1645800290311118850', '1622856976611692546', '1622854702229377025');
INSERT INTO `km_sys_user_role` VALUES ('1662134299382452226', '1640982576425648130', '1662133772733059074');

-- ----------------------------
-- Records of onl_cgreport_head
-- ----------------------------
INSERT INTO `onl_cgreport_head` VALUES ('1420565897964433409', 'doc_visit_record', '文档操作记录', 'SELECT kd.serial_number,kd.title,kdvr.visit_type,kdvr.create_by,kdvr.source_ip,kdvr.create_time FROM km_doc_visit_record kdvr\nJOIN km_doc kd ON kd.id=kdvr.doc_id \n ORDER BY create_time DESC\n', NULL, NULL, '1', NULL, NULL, '2021-12-17 14:52:04', 'ceshi', '2021-07-29 10:04:38', 'admin');

-- ----------------------------
-- Records of onl_cgreport_item
-- ----------------------------
INSERT INTO `onl_cgreport_item` VALUES ('1420565899138838529', '1420565897964433409', 'title', '文档标题', NULL, 'String', NULL, 0, 1, NULL, NULL, 1, 1, NULL, NULL, NULL, 'admin', '2023-05-25 10:04:38', 'admin', NULL);
INSERT INTO `onl_cgreport_item` VALUES ('1420565899155615745', '1420565897964433409', 'serial_number', '文档序列号', NULL, 'String', 'single', 0, 1, NULL, NULL, 1, 2, NULL, NULL, NULL, 'admin', '2023-05-25 10:04:38', 'admin', NULL);
INSERT INTO `onl_cgreport_item` VALUES ('1420565899168198658', '1420565897964433409', 'visit_type', '操作类型', NULL, 'Integer', 'single', 0, 1, 'dict_doc_visit_type', NULL, 1, 3, NULL, NULL, NULL, 'admin', '2023-05-25 10:04:38', 'admin', NULL);
INSERT INTO `onl_cgreport_item` VALUES ('1420565899168198659', '1420565897964433409', 'create_by', '操作人', NULL, 'String', 'single', 0, 1, '', NULL, 1, 4, NULL, NULL, NULL, 'admin', '2023-05-25 10:04:38', 'admin', NULL);
INSERT INTO `onl_cgreport_item` VALUES ('1420565899172392962', '1420565897964433409', 'source_ip', 'IP地址', NULL, 'String', NULL, 0, 0, NULL, NULL, 1, 5, NULL, NULL, NULL, 'admin', '2023-05-25 10:04:38', 'admin', NULL);
INSERT INTO `onl_cgreport_item` VALUES ('1420565899189170177', '1420565897964433409', 'create_time', '操作时间', NULL, 'Date', 'group', 0, 1, NULL, NULL, 1, 6, NULL, NULL, NULL, 'admin', '2023-05-25 10:04:38', 'admin', NULL);

